CRAN Package Check Results for Package stepSplitReg

Last updated on 2022-09-27 14:53:42 CEST.

Flavor Version Tinstall Tcheck Ttotal Status Flags
r-devel-linux-x86_64-debian-clang 1.0.2 78.92 40.05 118.97 OK
r-devel-linux-x86_64-debian-gcc 1.0.2 67.45 29.20 96.65 OK
r-devel-linux-x86_64-fedora-clang 1.0.2 193.86 WARN
r-devel-linux-x86_64-fedora-gcc 1.0.2 176.32 OK
r-devel-windows-x86_64 1.0.2 79.00 80.00 159.00 OK
r-patched-linux-x86_64 1.0.2 68.21 39.63 107.84 OK
r-release-linux-x86_64 1.0.2 70.46 38.70 109.16 OK
r-release-macos-arm64 1.0.2 43.00 OK
r-release-macos-x86_64 1.0.2 63.00 OK
r-release-windows-x86_64 1.0.2 67.00 85.00 152.00 OK
r-oldrel-macos-arm64 1.0.2 39.00 OK
r-oldrel-macos-x86_64 1.0.2 72.00 OK
r-oldrel-windows-ix86+x86_64 1.0.2 205.00 94.00 299.00 OK

Additional issues

clang15 clang15

Check Details

Version: 1.0.2
Check: whether package can be installed
Result: WARN
    Found the following significant warnings:
     CV_WEN.cpp:8:14: warning: invalid UTF-8 in comment [-Winvalid-utf8]
     Model.cpp:8:14: warning: invalid UTF-8 in comment [-Winvalid-utf8]
     ./WEN.hpp:8:13: warning: invalid UTF-8 in comment [-Winvalid-utf8]
     ./CV_WEN.hpp:8:14: warning: invalid UTF-8 in comment [-Winvalid-utf8]
     ./Model.hpp:8:14: warning: invalid UTF-8 in comment [-Winvalid-utf8]
     WEN.cpp:8:14: warning: invalid UTF-8 in comment [-Winvalid-utf8]
     stepSplitReg_Main.cpp:8:14: warning: invalid UTF-8 in comment [-Winvalid-utf8]
     ./Model_Functions.hpp:8:14: warning: invalid UTF-8 in comment [-Winvalid-utf8]
     ./Set_Diff.hpp:8:14: warning: invalid UTF-8 in comment [-Winvalid-utf8]
Flavor: r-devel-linux-x86_64-fedora-clang