CRAN Package Check Results for Package stlTDNN

Last updated on 2022-01-26 04:52:53 CET.

Flavor Version Tinstall Tcheck Ttotal Status Flags
r-devel-linux-x86_64-debian-clang 0.1.0 8.08 87.94 96.02 OK
r-devel-linux-x86_64-debian-gcc 0.1.0 7.04 66.62 73.66 OK
r-devel-linux-x86_64-fedora-clang 0.1.0 111.74 OK
r-devel-linux-x86_64-fedora-gcc 0.1.0 99.71 OK
r-devel-windows-x86_64-new-UL 0.1.0 19.00 106.00 125.00 OK
r-devel-windows-x86_64-new-TK 0.1.0 ERROR
r-patched-linux-x86_64 0.1.0 6.75 78.78 85.53 OK
r-release-linux-x86_64 0.1.0 6.83 78.84 85.67 OK
r-release-macos-arm64 0.1.0 OK
r-release-macos-x86_64 0.1.0 OK
r-release-windows-ix86+x86_64 0.1.0 22.00 96.00 118.00 OK
r-oldrel-macos-x86_64 0.1.0 OK
r-oldrel-windows-ix86+x86_64 0.1.0 22.00 100.00 122.00 OK

Check Details

Version: 0.1.0
Check: package dependencies
Result: ERROR
    Package required but not available: 'nnfor'
    
    See section 'The DESCRIPTION file' in the 'Writing R Extensions'
    manual.
Flavor: r-devel-windows-x86_64-new-TK