CRAN Package Check Results for Package stmCorrViz

Last updated on 2019-09-23 17:47:18 CEST.

Flavor Version Tinstall Tcheck Ttotal Status Flags
r-devel-linux-x86_64-debian-clang 1.3 2.37 57.92 60.29 NOTE
r-devel-linux-x86_64-debian-gcc 1.3 1.96 74.84 76.80 NOTE
r-devel-linux-x86_64-fedora-clang 1.3 63.09 NOTE
r-devel-linux-x86_64-fedora-gcc 1.3 72.50 NOTE
r-devel-windows-ix86+x86_64 1.3 16.00 50.00 66.00 OK
r-patched-linux-x86_64 1.3 2.07 62.75 64.82 OK
r-patched-solaris-x86 1.3 65.70 NOTE
r-release-linux-x86_64 1.3 2.06 58.97 61.03 OK
r-release-windows-ix86+x86_64 1.3 8.00 71.00 79.00 OK
r-release-osx-x86_64 1.3 NOTE
r-oldrel-windows-ix86+x86_64 1.3 3.00 50.00 53.00 OK
r-oldrel-osx-x86_64 1.3 NOTE

Check Details

Version: 1.3
Check: for non-standard things in the check directory
Result: NOTE
    Found the following files/directories:
     'corrviz.html'
Flavors: r-devel-linux-x86_64-debian-clang, r-devel-linux-x86_64-debian-gcc, r-devel-linux-x86_64-fedora-clang, r-devel-linux-x86_64-fedora-gcc

Version: 1.3
Check: dependencies in R code
Result: NOTE
    Namespaces in Imports field not imported from:
     ‘SnowballC’ ‘tm’
     All declared Imports should be used.
Flavors: r-devel-linux-x86_64-fedora-clang, r-devel-linux-x86_64-fedora-gcc, r-patched-solaris-x86, r-release-osx-x86_64, r-oldrel-osx-x86_64