CRAN Package Check Results for Package stmCorrViz

Last updated on 2020-06-01 14:50:05 CEST.

Flavor Version Tinstall Tcheck Ttotal Status Flags
r-devel-linux-x86_64-debian-clang 1.3 2.70 63.32 66.02 NOTE
r-devel-linux-x86_64-debian-gcc 1.3 2.07 84.24 86.31 NOTE
r-devel-linux-x86_64-fedora-clang 1.3 74.56 NOTE
r-devel-linux-x86_64-fedora-gcc 1.3 57.78 NOTE
r-devel-windows-ix86+x86_64 1.3 10.00 70.00 80.00 OK
r-patched-linux-x86_64 1.3 2.20 65.39 67.59 NOTE
r-patched-solaris-x86 1.3 69.80 NOTE
r-release-linux-x86_64 1.3 2.46 60.84 63.30 NOTE
r-release-osx-x86_64 1.3 NOTE
r-release-windows-ix86+x86_64 1.3 9.00 74.00 83.00 OK
r-oldrel-osx-x86_64 1.3 NOTE
r-oldrel-windows-ix86+x86_64 1.3 5.00 51.00 56.00 OK

Check Details

Version: 1.3
Check: for non-standard things in the check directory
Result: NOTE
    Found the following files/directories:
     'corrviz.html'
Flavors: r-devel-linux-x86_64-debian-clang, r-devel-linux-x86_64-debian-gcc, r-devel-linux-x86_64-fedora-clang, r-devel-linux-x86_64-fedora-gcc, r-patched-linux-x86_64, r-patched-solaris-x86, r-release-linux-x86_64

Version: 1.3
Check: dependencies in R code
Result: NOTE
    Namespaces in Imports field not imported from:
     ‘SnowballC’ ‘tm’
     All declared Imports should be used.
Flavors: r-devel-linux-x86_64-fedora-clang, r-devel-linux-x86_64-fedora-gcc, r-patched-solaris-x86, r-release-osx-x86_64, r-oldrel-osx-x86_64