Last updated on 2023-11-30 23:55:57 CET.
Flavor | Version | Tinstall | Tcheck | Ttotal | Status | Flags |
---|---|---|---|---|---|---|
r-devel-linux-x86_64-debian-clang | 2.3 | 2.49 | 25.45 | 27.94 | OK | |
r-devel-linux-x86_64-debian-gcc | 2.3 | 1.80 | 20.23 | 22.03 | OK | |
r-devel-linux-x86_64-fedora-clang | 2.3 | 37.21 | NOTE | |||
r-devel-linux-x86_64-fedora-gcc | 2.3 | 34.16 | NOTE | |||
r-devel-windows-x86_64 | 2.3 | 3.00 | 45.00 | 48.00 | OK | |
r-patched-linux-x86_64 | 2.3 | 1.89 | 25.60 | 27.49 | OK | |
r-release-linux-x86_64 | 2.3 | 2.53 | 25.55 | 28.08 | OK | |
r-release-macos-arm64 | 2.3 | 18.00 | OK | |||
r-release-macos-x86_64 | 2.3 | 25.00 | OK | |||
r-release-windows-x86_64 | 2.3 | 4.00 | 45.00 | 49.00 | OK | |
r-oldrel-macos-arm64 | 2.3 | 20.00 | OK | |||
r-oldrel-macos-x86_64 | 2.3 | 25.00 | NOTE | |||
r-oldrel-windows-x86_64 | 2.3 | 5.00 | 48.00 | 53.00 | OK |
Version: 2.3
Check: data for non-ASCII characters
Result: NOTE
Note: found 22806 marked UTF-8 strings
Flavors: r-devel-linux-x86_64-fedora-clang, r-devel-linux-x86_64-fedora-gcc, r-oldrel-macos-x86_64