CRAN Package Check Results for Package strandCet

Last updated on 2020-02-19 22:57:35 CET.

Flavor Version Tinstall Tcheck Ttotal Status Flags
r-devel-linux-x86_64-debian-clang 1.0 3.60 43.43 47.03 OK
r-devel-linux-x86_64-debian-gcc 1.0 3.03 33.11 36.14 OK
r-devel-linux-x86_64-fedora-clang 1.0 57.28 NOTE
r-devel-linux-x86_64-fedora-gcc 1.0 55.44 NOTE
r-devel-windows-ix86+x86_64 1.0 8.00 51.00 59.00 OK
r-devel-windows-ix86+x86_64-gcc8 1.0 14.00 54.00 68.00 OK
r-patched-linux-x86_64 1.0 3.48 38.76 42.24 OK
r-patched-solaris-x86 1.0 77.00 NOTE
r-release-linux-x86_64 1.0 2.61 40.05 42.66 OK
r-release-windows-ix86+x86_64 1.0 6.00 58.00 64.00 OK
r-release-osx-x86_64 1.0 NOTE
r-oldrel-windows-ix86+x86_64 1.0 5.00 51.00 56.00 OK
r-oldrel-osx-x86_64 1.0 NOTE

Check Details

Version: 1.0
Check: dependencies in R code
Result: NOTE
    Namespace in Imports field not imported from: ‘boot’
     All declared Imports should be used.
Flavors: r-devel-linux-x86_64-fedora-clang, r-devel-linux-x86_64-fedora-gcc, r-patched-solaris-x86, r-release-osx-x86_64, r-oldrel-osx-x86_64