CRAN Package Check Results for Package strandCet

Last updated on 2019-09-23 12:48:05 CEST.

Flavor Version Tinstall Tcheck Ttotal Status Flags
r-devel-linux-x86_64-debian-clang 1.0 3.43 40.96 44.39 OK
r-devel-linux-x86_64-debian-gcc 1.0 2.80 30.95 33.75 OK
r-devel-linux-x86_64-fedora-clang 1.0 55.75 NOTE
r-devel-linux-x86_64-fedora-gcc 1.0 53.12 NOTE
r-devel-windows-ix86+x86_64 1.0 18.00 50.00 68.00 OK
r-patched-linux-x86_64 1.0 3.24 39.41 42.65 OK
r-patched-solaris-x86 1.0 74.90 NOTE
r-release-linux-x86_64 1.0 2.57 40.40 42.97 OK
r-release-windows-ix86+x86_64 1.0 15.00 71.00 86.00 OK
r-release-osx-x86_64 1.0 NOTE
r-oldrel-windows-ix86+x86_64 1.0 5.00 80.00 85.00 OK
r-oldrel-osx-x86_64 1.0 NOTE

Check Details

Version: 1.0
Check: dependencies in R code
Result: NOTE
    Namespace in Imports field not imported from: ‘boot’
     All declared Imports should be used.
Flavors: r-devel-linux-x86_64-fedora-clang, r-devel-linux-x86_64-fedora-gcc, r-patched-solaris-x86, r-release-osx-x86_64, r-oldrel-osx-x86_64