CRAN Package Check Results for Package strat

Last updated on 2019-10-14 02:46:41 CEST.

Flavor Version Tinstall Tcheck Ttotal Status Flags
r-devel-linux-x86_64-debian-clang 0.1 25.77 30.46 56.23 OK
r-devel-linux-x86_64-debian-gcc 0.1 19.26 24.61 43.87 OK
r-devel-linux-x86_64-fedora-clang 0.1 78.86 NOTE
r-devel-linux-x86_64-fedora-gcc 0.1 71.30 NOTE
r-devel-windows-ix86+x86_64 0.1 48.00 93.00 141.00 OK
r-patched-linux-x86_64 0.1 20.86 29.57 50.43 OK
r-patched-solaris-x86 0.1 92.20 OK
r-release-linux-x86_64 0.1 19.02 30.92 49.94 OK
r-release-windows-ix86+x86_64 0.1 81.00 60.00 141.00 OK
r-release-osx-x86_64 0.1 OK
r-oldrel-windows-ix86+x86_64 0.1 47.00 73.00 120.00 OK
r-oldrel-osx-x86_64 0.1 OK

Check Details

Version: 0.1
Check: compiled code
Result: NOTE
    File ‘strat/libs/strat.so’:
     Found no calls to: ‘R_registerRoutines’, ‘R_useDynamicSymbols’
    
    It is good practice to register native routines and to disable symbol
    search.
    
    See ‘Writing portable packages’ in the ‘Writing R Extensions’ manual.
Flavors: r-devel-linux-x86_64-fedora-clang, r-devel-linux-x86_64-fedora-gcc