CRAN Package Check Results for Package stratEst

Last updated on 2022-01-28 09:53:03 CET.

Flavor Version Tinstall Tcheck Ttotal Status Flags
r-devel-linux-x86_64-debian-clang 1.1.4 130.84 67.89 198.73 OK
r-devel-linux-x86_64-debian-gcc 1.1.4 101.81 53.88 155.69 OK
r-devel-linux-x86_64-fedora-clang 1.1.4 252.75 NOTE
r-devel-linux-x86_64-fedora-gcc 1.1.4 219.04 OK
r-devel-windows-x86_64-new-UL 1.1.4 133.00 111.00 244.00 OK
r-devel-windows-x86_64-new-TK 1.1.4 OK
r-patched-linux-x86_64 1.1.4 109.59 65.28 174.87 OK
r-release-linux-x86_64 1.1.4 111.70 64.66 176.36 OK
r-release-macos-arm64 1.1.4 NOTE
r-release-macos-x86_64 1.1.4 NOTE
r-release-windows-ix86+x86_64 1.1.4 249.00 110.00 359.00 OK
r-oldrel-macos-x86_64 1.1.4 NOTE
r-oldrel-windows-ix86+x86_64 1.1.4 249.00 110.00 359.00 OK

Check Details

Version: 1.1.4
Check: installed package size
Result: NOTE
     installed size is 9.0Mb
     sub-directories of 1Mb or more:
     libs 7.7Mb
Flavors: r-devel-linux-x86_64-fedora-clang, r-release-macos-arm64, r-release-macos-x86_64, r-oldrel-macos-x86_64