CRAN Package Check Results for Package stringfish

Last updated on 2022-01-25 22:57:11 CET.

Flavor Version Tinstall Tcheck Ttotal Status Flags
r-devel-linux-x86_64-debian-clang 0.15.5 30.21 156.63 186.84 NOTE
r-devel-linux-x86_64-debian-gcc 0.15.5 25.69 113.34 139.03 NOTE
r-devel-linux-x86_64-fedora-clang 0.15.5 256.73 NOTE
r-devel-linux-x86_64-fedora-gcc 0.15.5 242.68 NOTE
r-devel-windows-x86_64-new-UL 0.15.5 169.00 217.00 386.00 NOTE
r-devel-windows-x86_64-new-TK 0.15.5 NOTE
r-patched-linux-x86_64 0.15.5 29.07 151.51 180.58 NOTE
r-release-linux-x86_64 0.15.5 29.27 149.58 178.85 NOTE
r-release-macos-arm64 0.15.5 NOTE
r-release-macos-x86_64 0.15.5 NOTE
r-release-windows-ix86+x86_64 0.15.5 156.00 355.00 511.00 NOTE
r-oldrel-macos-x86_64 0.15.5 NOTE
r-oldrel-windows-ix86+x86_64 0.15.5 157.00 378.00 535.00 NOTE

Check Details

Version: 0.15.5
Check: for GNU extensions in Makefiles
Result: NOTE
    GNU make is a SystemRequirements.
Flavors: r-devel-linux-x86_64-debian-clang, r-devel-linux-x86_64-debian-gcc, r-devel-linux-x86_64-fedora-clang, r-devel-linux-x86_64-fedora-gcc, r-devel-windows-x86_64-new-UL, r-devel-windows-x86_64-new-TK, r-patched-linux-x86_64, r-release-linux-x86_64, r-release-macos-arm64, r-release-macos-x86_64, r-release-windows-ix86+x86_64, r-oldrel-macos-x86_64, r-oldrel-windows-ix86+x86_64

Version: 0.15.5
Check: installed package size
Result: NOTE
     installed size is 6.5Mb
     sub-directories of 1Mb or more:
     libs 6.0Mb
Flavors: r-release-macos-x86_64, r-oldrel-macos-x86_64