CRAN Package Check Results for Package stringi

Last updated on 2020-01-20 20:47:57 CET.

Flavor Version Tinstall Tcheck Ttotal Status Flags
r-devel-linux-x86_64-debian-clang 1.4.5 111.68 51.55 163.23 OK
r-devel-linux-x86_64-debian-gcc 1.4.5 65.92 40.02 105.94 OK
r-devel-linux-x86_64-fedora-clang 1.4.5 259.06 NOTE
r-devel-linux-x86_64-fedora-gcc 1.4.5 191.86 OK
r-devel-windows-ix86+x86_64 1.4.5 1684.00 161.00 1845.00 NOTE
r-devel-windows-ix86+x86_64-gcc8 1.4.5 1276.00 140.00 1416.00 NOTE
r-patched-linux-x86_64 1.4.5 74.43 48.20 122.63 OK
r-patched-solaris-x86 1.4.5 800.00 NOTE
r-release-linux-x86_64 1.4.5 74.01 47.17 121.18 OK
r-release-windows-ix86+x86_64 1.4.5 13.00 6.00 19.00 ERROR
r-release-osx-x86_64 1.4.5 NOTE
r-oldrel-windows-ix86+x86_64 1.4.5 1303.00 136.00 1439.00 NOTE
r-oldrel-osx-x86_64 1.4.5 NOTE

Additional issues

gcc10 gcc10 rchk

Check Details

Version: 1.4.5
Check: installed package size
Result: NOTE
     installed size is 5.5Mb
     sub-directories of 1Mb or more:
     libs 4.8Mb
Flavors: r-devel-linux-x86_64-fedora-clang, r-devel-windows-ix86+x86_64, r-devel-windows-ix86+x86_64-gcc8, r-patched-solaris-x86, r-release-osx-x86_64, r-oldrel-windows-ix86+x86_64, r-oldrel-osx-x86_64

Version: 1.4.5
Check: whether package can be installed
Result: ERROR
    Installation failed.
Flavor: r-release-windows-ix86+x86_64