CRAN Package Check Results for Package subniche

Last updated on 2020-02-23 09:47:49 CET.

Flavor Version Tinstall Tcheck Ttotal Status Flags
r-devel-linux-x86_64-debian-clang 0.9.7 3.69 33.50 37.19 OK
r-devel-linux-x86_64-debian-gcc 0.9.7 2.84 26.04 28.88 OK
r-devel-linux-x86_64-fedora-clang 0.9.7 45.13 NOTE
r-devel-linux-x86_64-fedora-gcc 0.9.7 43.01 OK
r-devel-windows-ix86+x86_64 0.9.7 7.00 44.00 51.00 OK
r-devel-windows-ix86+x86_64-gcc8 0.9.7 11.00 43.00 54.00 OK
r-patched-linux-x86_64 0.9.7 OK
r-patched-solaris-x86 0.9.7 61.20 OK
r-release-linux-x86_64 0.9.7 2.95 30.02 32.97 OK
r-release-windows-ix86+x86_64 0.9.7 6.00 42.00 48.00 OK
r-release-osx-x86_64 0.9.7 OK
r-oldrel-windows-ix86+x86_64 0.9.7 6.00 42.00 48.00 OK
r-oldrel-osx-x86_64 0.9.7 OK

Check Details

Version: 0.9.7
Check: package dependencies
Result: NOTE
    Suggests orphaned package: ‘waveslim’
Flavor: r-devel-linux-x86_64-fedora-clang