CRAN Package Check Results for Package supcluster

Last updated on 2020-08-10 02:47:13 CEST.

Flavor Version Tinstall Tcheck Ttotal Status Flags
r-devel-linux-x86_64-debian-clang 1.0 2.47 35.05 37.52 NOTE
r-devel-linux-x86_64-debian-gcc 1.0 2.16 26.04 28.20 NOTE
r-devel-linux-x86_64-fedora-clang 1.0 51.66 NOTE
r-devel-linux-x86_64-fedora-gcc 1.0 43.30 NOTE
r-devel-windows-ix86+x86_64 1.0 8.00 40.00 48.00 NOTE
r-patched-linux-x86_64 1.0 3.02 33.93 36.95 NOTE
r-patched-solaris-x86 1.0 66.30 NOTE
r-release-linux-x86_64 1.0 2.57 34.08 36.65 NOTE
r-release-macos-x86_64 1.0 NOTE
r-release-windows-ix86+x86_64 1.0 8.00 44.00 52.00 NOTE
r-oldrel-macos-x86_64 1.0 NOTE
r-oldrel-windows-ix86+x86_64 1.0 7.00 54.00 61.00 NOTE

Check Details

Version: 1.0
Check: R code for possible problems
Result: NOTE
    supcluster : itgamma: no visible global function definition for
     'rgamma'
    supcluster : itgamma: no visible global function definition for
     'dgamma'
    supcluster : itgamma: no visible global function definition for 'runif'
    supcluster : itbeta: no visible global function definition for 'rnorm'
    supcluster : itbeta: no visible global function definition for 'runif'
    supcluster : itj: no visible global function definition for 'dmultinom'
    supcluster: no visible global function definition for 'kmeans'
    tab1: no visible global function definition for 'image'
    tab1: no visible global function definition for 'gray'
    tab1: no visible global function definition for 'var'
    Undefined global functions or variables:
     dgamma dmultinom gray image kmeans rgamma rnorm runif var
    Consider adding
     importFrom("grDevices", "gray")
     importFrom("graphics", "image")
     importFrom("stats", "dgamma", "dmultinom", "kmeans", "rgamma", "rnorm",
     "runif", "var")
    to your NAMESPACE file.
Flavors: r-devel-linux-x86_64-debian-clang, r-devel-linux-x86_64-debian-gcc, r-devel-linux-x86_64-fedora-clang, r-devel-linux-x86_64-fedora-gcc, r-devel-windows-ix86+x86_64, r-patched-linux-x86_64, r-patched-solaris-x86, r-release-linux-x86_64, r-release-macos-x86_64, r-release-windows-ix86+x86_64, r-oldrel-macos-x86_64, r-oldrel-windows-ix86+x86_64