CRAN Package Check Results for Package supcluster

Last updated on 2020-01-19 11:47:51 CET.

Flavor Version Tinstall Tcheck Ttotal Status Flags
r-devel-linux-x86_64-debian-clang 1.0 2.87 34.10 36.97 NOTE
r-devel-linux-x86_64-debian-gcc 1.0 2.48 25.89 28.37 NOTE
r-devel-linux-x86_64-fedora-clang 1.0 44.01 NOTE
r-devel-linux-x86_64-fedora-gcc 1.0 41.89 NOTE
r-devel-windows-ix86+x86_64 1.0 10.00 65.00 75.00 NOTE
r-devel-windows-ix86+x86_64-gcc8 1.0 7.00 60.00 67.00 NOTE
r-patched-linux-x86_64 1.0 2.17 30.10 32.27 NOTE
r-patched-solaris-x86 1.0 58.30 NOTE
r-release-linux-x86_64 1.0 2.20 30.47 32.67 NOTE
r-release-windows-ix86+x86_64 1.0 9.00 49.00 58.00 NOTE
r-release-osx-x86_64 1.0 NOTE
r-oldrel-windows-ix86+x86_64 1.0 4.00 49.00 53.00 NOTE
r-oldrel-osx-x86_64 1.0 NOTE

Check Details

Version: 1.0
Check: R code for possible problems
Result: NOTE
    supcluster : itgamma: no visible global function definition for
     'rgamma'
    supcluster : itgamma: no visible global function definition for
     'dgamma'
    supcluster : itgamma: no visible global function definition for 'runif'
    supcluster : itbeta: no visible global function definition for 'rnorm'
    supcluster : itbeta: no visible global function definition for 'runif'
    supcluster : itj: no visible global function definition for 'dmultinom'
    supcluster: no visible global function definition for 'kmeans'
    tab1: no visible global function definition for 'image'
    tab1: no visible global function definition for 'gray'
    tab1: no visible global function definition for 'var'
    Undefined global functions or variables:
     dgamma dmultinom gray image kmeans rgamma rnorm runif var
    Consider adding
     importFrom("grDevices", "gray")
     importFrom("graphics", "image")
     importFrom("stats", "dgamma", "dmultinom", "kmeans", "rgamma", "rnorm",
     "runif", "var")
    to your NAMESPACE file.
Flavors: r-devel-linux-x86_64-debian-clang, r-devel-linux-x86_64-debian-gcc, r-devel-linux-x86_64-fedora-clang, r-devel-linux-x86_64-fedora-gcc, r-devel-windows-ix86+x86_64, r-devel-windows-ix86+x86_64-gcc8, r-patched-linux-x86_64, r-patched-solaris-x86, r-release-linux-x86_64, r-release-windows-ix86+x86_64, r-release-osx-x86_64, r-oldrel-windows-ix86+x86_64, r-oldrel-osx-x86_64