Last updated on 2022-08-13 07:11:47 CEST.
Flavor | Version | Tinstall | Tcheck | Ttotal | Status | Flags |
---|---|---|---|---|---|---|
r-devel-linux-x86_64-debian-clang | 1.1.1 | 7.26 | 60.69 | 67.95 | NOTE | |
r-devel-linux-x86_64-debian-gcc | 1.1.1 | 5.61 | 44.68 | 50.29 | NOTE | |
r-devel-linux-x86_64-fedora-clang | 1.1.1 | 89.47 | NOTE | |||
r-devel-linux-x86_64-fedora-gcc | 1.1.1 | 86.82 | NOTE | |||
r-devel-windows-x86_64 | 1.1.1 | 15.00 | 81.00 | 96.00 | OK | |
r-patched-linux-x86_64 | 1.1.1 | 12.26 | 55.96 | 68.22 | NOTE | |
r-release-linux-x86_64 | 1.1.1 | 5.69 | 57.04 | 62.73 | NOTE | |
r-release-macos-arm64 | 1.1.1 | 27.00 | OK | |||
r-release-macos-x86_64 | 1.1.1 | 37.00 | OK | |||
r-release-windows-x86_64 | 1.1.1 | 16.00 | 86.00 | 102.00 | OK | |
r-oldrel-macos-arm64 | 1.1.1 | 30.00 | OK | |||
r-oldrel-macos-x86_64 | 1.1.1 | 35.00 | OK | |||
r-oldrel-windows-ix86+x86_64 | 1.1.1 | 19.00 | 79.00 | 98.00 | OK |
Version: 1.1.1
Check: package dependencies
Result: NOTE
Package suggested but not available for checking: 'extraTrees'
Flavors: r-devel-linux-x86_64-debian-clang, r-devel-linux-x86_64-debian-gcc, r-devel-linux-x86_64-fedora-clang, r-devel-linux-x86_64-fedora-gcc, r-patched-linux-x86_64, r-release-linux-x86_64