CRAN Package Check Results for Package suppdata

Last updated on 2020-11-27 19:49:00 CET.

Flavor Version Tinstall Tcheck Ttotal Status Flags
r-devel-linux-x86_64-debian-clang 1.1-5 7.21 61.30 68.51 OK
r-devel-linux-x86_64-debian-gcc 1.1-5 5.98 46.08 52.06 OK
r-devel-linux-x86_64-fedora-clang 1.1-5 84.17 OK
r-devel-linux-x86_64-fedora-gcc 1.1-5 75.18 OK
r-devel-windows-ix86+x86_64 1.1-5 15.00 75.00 90.00 OK
r-patched-linux-x86_64 1.1-5 5.84 57.29 63.13 OK
r-patched-solaris-x86 1.1-5 115.50 OK
r-release-linux-x86_64 1.1-5 5.94 61.36 67.30 OK
r-release-macos-x86_64 1.1-5 OK
r-release-windows-ix86+x86_64 1.1-5 17.00 69.00 86.00 OK
r-oldrel-macos-x86_64 1.1-5 ERROR
r-oldrel-windows-ix86+x86_64 1.1-5 11.00 80.00 91.00 OK

Check Details

Version: 1.1-5
Check: tests
Result: ERROR
     Running ‘test-all.R’ [3s/3s]
    Running the tests in ‘tests/test-all.R’ failed.
    Last 13 lines of output:
     ── Skip (test-wiley.R:22:5): Non-existing SI number is handled for Wiley ───────
     Reason: On CRAN
    
     ── Skip (test-wiley.R:27:5): Wiley fails with character SI info) ───────────────
     Reason: On CRAN
    
     ── Skipped tests ──────────────────────────────────────────────────────────────
     ● On CRAN (68)
    
     ══ testthat results ═══════════════════════════════════════════════════════════
     ERROR (test-fulltext.R:3:1): (code run outside of `test_that()`)
    
     [ FAIL 1 | WARN 0 | SKIP 68 | PASS 0 ]
     Error: Test failures
     Execution halted
Flavor: r-oldrel-macos-x86_64