CRAN Package Check Results for Package support.BWS

Last updated on 2020-08-05 22:48:41 CEST.

Flavor Version Tinstall Tcheck Ttotal Status Flags
r-devel-linux-x86_64-debian-clang 0.4-1 2.89 27.54 30.43 OK
r-devel-linux-x86_64-debian-gcc 0.4-1 2.39 21.88 24.27 OK
r-devel-linux-x86_64-fedora-clang 0.4-1 44.48 NOTE
r-devel-linux-x86_64-fedora-gcc 0.4-1 35.42 OK
r-devel-windows-ix86+x86_64 0.4-1 10.00 41.00 51.00 OK
r-patched-linux-x86_64 0.4-1 3.64 27.52 31.16 OK
r-patched-solaris-x86 0.4-1 55.50 OK
r-release-linux-x86_64 0.4-1 3.12 27.25 30.37 OK
r-release-macos-x86_64 0.4-1 OK
r-release-windows-ix86+x86_64 0.4-1 10.00 54.00 64.00 OK
r-oldrel-macos-x86_64 0.4-1 OK
r-oldrel-windows-ix86+x86_64 0.4-1 6.00 49.00 55.00 OK

Check Details

Version: 0.4-1
Check: Rd cross-references
Result: NOTE
    Undeclared packages ‘mlogit’, ‘gmnl’, ‘apollo’ in Rd xrefs
Flavor: r-devel-linux-x86_64-fedora-clang