Last updated on 2022-08-18 20:49:56 CEST.
Flavor | Version | Tinstall | Tcheck | Ttotal | Status | Flags |
---|---|---|---|---|---|---|
r-devel-linux-x86_64-debian-clang | 1.0-5 | 14.71 | 119.13 | 133.84 | NOTE | |
r-devel-linux-x86_64-debian-gcc | 1.0-5 | 11.94 | 87.33 | 99.27 | NOTE | |
r-devel-linux-x86_64-fedora-clang | 1.0-5 | 167.06 | NOTE | |||
r-devel-linux-x86_64-fedora-gcc | 1.0-5 | 169.55 | NOTE | |||
r-devel-windows-x86_64 | 1.0-5 | 21.00 | 136.00 | 157.00 | NOTE | |
r-patched-linux-x86_64 | 1.0-5 | 13.75 | 111.53 | 125.28 | NOTE | |
r-release-linux-x86_64 | 1.0-5 | NOTE | ||||
r-release-macos-arm64 | 1.0-5 | 41.00 | NOTE | |||
r-release-macos-x86_64 | 1.0-5 | 71.00 | NOTE | |||
r-release-windows-x86_64 | 1.0-5 | 29.00 | 154.00 | 183.00 | NOTE | |
r-oldrel-macos-arm64 | 1.0-5 | 46.00 | NOTE | |||
r-oldrel-macos-x86_64 | 1.0-5 | 69.00 | NOTE | |||
r-oldrel-windows-ix86+x86_64 | 1.0-5 | 28.00 | 137.00 | 165.00 | NOTE |
Version: 1.0-5
Check: LazyData
Result: NOTE
'LazyData' is specified without a 'data' directory
Flavors: r-devel-linux-x86_64-debian-clang, r-devel-linux-x86_64-debian-gcc, r-devel-linux-x86_64-fedora-clang, r-devel-linux-x86_64-fedora-gcc, r-devel-windows-x86_64, r-patched-linux-x86_64, r-release-linux-x86_64, r-release-macos-arm64, r-release-macos-x86_64, r-release-windows-x86_64, r-oldrel-macos-arm64, r-oldrel-macos-x86_64, r-oldrel-windows-ix86+x86_64