CRAN Package Check Results for Package surveybootstrap

Last updated on 2020-01-24 07:56:14 CET.

Flavor Version Tinstall Tcheck Ttotal Status Flags
r-devel-linux-x86_64-debian-clang 0.0.1 30.38 92.08 122.46 OK
r-devel-linux-x86_64-debian-gcc 0.0.1 22.38 67.54 89.92 OK
r-devel-linux-x86_64-fedora-clang 0.0.1 148.18 NOTE
r-devel-linux-x86_64-fedora-gcc 0.0.1 150.69 NOTE
r-devel-windows-ix86+x86_64 0.0.1 90.00 218.00 308.00 OK
r-devel-windows-ix86+x86_64-gcc8 0.0.1 94.00 154.00 248.00 OK
r-patched-linux-x86_64 0.0.1 25.70 80.94 106.64 OK
r-patched-solaris-x86 0.0.1 171.20 OK
r-release-linux-x86_64 0.0.1 25.86 81.05 106.91 OK
r-release-windows-ix86+x86_64 0.0.1 59.00 197.00 256.00 OK
r-release-osx-x86_64 0.0.1 OK
r-oldrel-windows-ix86+x86_64 0.0.1 46.00 142.00 188.00 OK
r-oldrel-osx-x86_64 0.0.1 OK

Check Details

Version: 0.0.1
Check: compiled code
Result: NOTE
    File ‘surveybootstrap/libs/surveybootstrap.so’:
     Found no calls to: ‘R_registerRoutines’, ‘R_useDynamicSymbols’
    
    It is good practice to register native routines and to disable symbol
    search.
    
    See ‘Writing portable packages’ in the ‘Writing R Extensions’ manual.
Flavors: r-devel-linux-x86_64-fedora-clang, r-devel-linux-x86_64-fedora-gcc