CRAN Package Check Results for Package surveybootstrap

Last updated on 2019-08-23 16:48:18 CEST.

Flavor Version Tinstall Tcheck Ttotal Status Flags
r-devel-linux-x86_64-debian-clang 0.0.1 27.16 81.71 108.87 OK
r-devel-linux-x86_64-debian-gcc 0.0.1 OK
r-devel-linux-x86_64-fedora-clang 0.0.1 128.18 NOTE
r-devel-linux-x86_64-fedora-gcc 0.0.1 139.85 NOTE
r-devel-windows-ix86+x86_64 0.0.1 58.00 188.00 246.00 OK
r-patched-linux-x86_64 0.0.1 25.27 81.06 106.33 OK
r-patched-solaris-x86 0.0.1 172.00 OK
r-release-linux-x86_64 0.0.1 25.17 79.20 104.37 OK
r-release-windows-ix86+x86_64 0.0.1 81.00 174.00 255.00 OK
r-release-osx-x86_64 0.0.1 OK
r-oldrel-windows-ix86+x86_64 0.0.1 65.00 210.00 275.00 OK
r-oldrel-osx-x86_64 0.0.1 OK

Check Details

Version: 0.0.1
Check: compiled code
Result: NOTE
    File ‘surveybootstrap/libs/surveybootstrap.so’:
     Found no calls to: ‘R_registerRoutines’, ‘R_useDynamicSymbols’
    
    It is good practice to register native routines and to disable symbol
    search.
    
    See ‘Writing portable packages’ in the ‘Writing R Extensions’ manual.
Flavors: r-devel-linux-x86_64-fedora-clang, r-devel-linux-x86_64-fedora-gcc