CRAN Package Check Results for Package surveyvoi

Last updated on 2024-06-14 00:54:01 CEST.

Flavor Version Tinstall Tcheck Ttotal Status Flags
r-devel-linux-x86_64-debian-clang 1.0.6 190.51 173.65 364.16 NOTE
r-devel-linux-x86_64-debian-gcc 1.0.6 0.50 1.76 2.26 ERROR
r-devel-linux-x86_64-fedora-clang 1.0.6 466.17 NOTE
r-devel-linux-x86_64-fedora-gcc 1.0.6 464.06 NOTE
r-devel-windows-x86_64 1.0.6 147.00 162.00 309.00 NOTE
r-patched-linux-x86_64 1.0.6 111.61 167.88 279.49 NOTE
r-release-linux-x86_64 1.0.6 112.33 170.24 282.57 NOTE
r-release-macos-arm64 1.0.6 108.00 NOTE
r-release-macos-x86_64 1.0.6 126.00 NOTE
r-release-windows-x86_64 1.0.6 145.00 161.00 306.00 NOTE
r-oldrel-macos-arm64 1.0.6 118.00 NOTE
r-oldrel-macos-x86_64 1.0.6 239.00 NOTE
r-oldrel-windows-x86_64 1.0.6 180.00 200.00 380.00 NOTE

Check Details

Version: 1.0.6
Check: package dependencies
Result: NOTE Package suggested but not available for checking: ‘gurobi’ Flavors: r-devel-linux-x86_64-debian-clang, r-devel-linux-x86_64-fedora-clang, r-devel-linux-x86_64-fedora-gcc, r-devel-windows-x86_64, r-patched-linux-x86_64, r-release-linux-x86_64, r-release-macos-arm64, r-release-macos-x86_64, r-release-windows-x86_64, r-oldrel-macos-arm64, r-oldrel-macos-x86_64, r-oldrel-windows-x86_64

Version: 1.0.6
Check: package dependencies
Result: ERROR Packages required but not available: 'nloptr', 'progress', 'tibble', 'dplyr', 'groupdata2' Packages suggested but not available for checking: 'testthat', 'roxygen2', 'tidyr', 'ggplot2', 'viridis', 'gurobi' See section ‘The DESCRIPTION file’ in the ‘Writing R Extensions’ manual. Flavor: r-devel-linux-x86_64-debian-gcc

Version: 1.0.6
Check: installed package size
Result: NOTE installed size is 10.1Mb sub-directories of 1Mb or more: libs 9.0Mb Flavors: r-release-macos-arm64, r-release-macos-x86_64, r-oldrel-macos-arm64, r-oldrel-macos-x86_64