Last updated on 2023-12-02 05:50:10 CET.
Flavor | Version | Tinstall | Tcheck | Ttotal | Status | Flags |
---|---|---|---|---|---|---|
r-devel-linux-x86_64-debian-clang | 1.0.3.1 | 2.53 | 22.89 | 25.42 | OK | |
r-devel-linux-x86_64-debian-gcc | 1.0.3.1 | 2.17 | 17.84 | 20.01 | OK | |
r-devel-linux-x86_64-fedora-clang | 1.0.3.1 | 33.85 | NOTE | |||
r-devel-linux-x86_64-fedora-gcc | 1.0.3.1 | 31.52 | NOTE | |||
r-devel-windows-x86_64 | 1.0.3.1 | 5.00 | 40.00 | 45.00 | OK | |
r-patched-linux-x86_64 | 1.0.3.1 | 3.16 | 22.23 | 25.39 | OK | |
r-release-linux-x86_64 | 1.0.3.1 | 2.95 | 22.77 | 25.72 | OK | |
r-release-macos-arm64 | 1.0.3.1 | 16.00 | OK | |||
r-release-macos-x86_64 | 1.0.3.1 | 20.00 | OK | |||
r-release-windows-x86_64 | 1.0.3.1 | 6.00 | 39.00 | 45.00 | OK | |
r-oldrel-macos-arm64 | 1.0.3.1 | 18.00 | OK | |||
r-oldrel-macos-x86_64 | 1.0.3.1 | 23.00 | OK | |||
r-oldrel-windows-x86_64 | 1.0.3.1 | 19.00 | 46.00 | 65.00 | OK |
Version: 1.0.3.1
Check: compiled code
Result: NOTE
File ‘survivalROC/libs/survivalROC.so’:
Found no calls to: ‘R_registerRoutines’, ‘R_useDynamicSymbols’
It is good practice to register native routines and to disable symbol
search.
See ‘Writing portable packages’ in the ‘Writing R Extensions’ manual.
Flavors: r-devel-linux-x86_64-fedora-clang, r-devel-linux-x86_64-fedora-gcc