Last updated on 2023-03-30 08:53:53 CEST.
Flavor | Version | Tinstall | Tcheck | Ttotal | Status | Flags |
---|---|---|---|---|---|---|
r-devel-linux-x86_64-debian-clang | 0.0.5 | 10.38 | 91.36 | 101.74 | OK | |
r-devel-linux-x86_64-debian-gcc | 0.0.5 | 9.03 | 71.28 | 80.31 | OK | |
r-devel-linux-x86_64-fedora-clang | 0.0.5 | 138.14 | NOTE | |||
r-devel-linux-x86_64-fedora-gcc | 0.0.5 | 124.84 | NOTE | |||
r-patched-linux-x86_64 | 0.0.5 | 16.33 | 88.40 | 104.73 | OK | |
r-release-linux-x86_64 | 0.0.5 | 6.77 | 83.52 | 90.29 | OK | |
r-release-macos-arm64 | 0.0.5 | 37.00 | NOTE | |||
r-release-macos-x86_64 | 0.0.5 | 60.00 | NOTE | |||
r-release-windows-x86_64 | 0.0.5 | 79.00 | 112.00 | 191.00 | OK | |
r-oldrel-macos-arm64 | 0.0.5 | 43.00 | NOTE | |||
r-oldrel-macos-x86_64 | 0.0.5 | 64.00 | NOTE | |||
r-oldrel-windows-ix86+x86_64 | 0.0.5 | 22.00 | 109.00 | 131.00 | OK |
Version: 0.0.5
Check: dependencies in R code
Result: NOTE
Namespace in Imports field not imported from: ‘quadprog’
All declared Imports should be used.
Flavors: r-devel-linux-x86_64-fedora-clang, r-devel-linux-x86_64-fedora-gcc, r-release-macos-arm64, r-release-macos-x86_64, r-oldrel-macos-arm64, r-oldrel-macos-x86_64