CRAN Package Check Results for Package survminer

Last updated on 2021-09-19 21:49:31 CEST.

Flavor Version Tinstall Tcheck Ttotal Status Flags
r-devel-linux-x86_64-debian-clang 0.4.9 17.51 227.09 244.60 OK
r-devel-linux-x86_64-debian-gcc 0.4.9 12.95 162.36 175.31 OK
r-devel-linux-x86_64-fedora-clang 0.4.9 288.98 NOTE
r-devel-linux-x86_64-fedora-gcc 0.4.9 286.89 OK
r-devel-windows-x86_64 0.4.9 19.00 211.00 230.00 NOTE
r-devel-windows-x86_64-gcc10-UCRT 0.4.9 ERROR
r-patched-linux-x86_64 0.4.9 21.67 221.71 243.38 OK
r-patched-solaris-x86 0.4.9 366.60 NOTE
r-release-linux-x86_64 0.4.9 15.92 220.33 236.25 OK
r-release-macos-arm64 0.4.9 NOTE
r-release-macos-x86_64 0.4.9 NOTE
r-release-windows-ix86+x86_64 0.4.9 37.00 209.00 246.00 NOTE
r-oldrel-macos-x86_64 0.4.9 NOTE
r-oldrel-windows-ix86+x86_64 0.4.9 38.00 204.00 242.00 NOTE

Check Details

Version: 0.4.9
Check: installed package size
Result: NOTE
     installed size is 6.0Mb
     sub-directories of 1Mb or more:
     doc 5.5Mb
Flavors: r-devel-linux-x86_64-fedora-clang, r-devel-windows-x86_64, r-patched-solaris-x86, r-release-macos-arm64, r-release-macos-x86_64, r-release-windows-ix86+x86_64, r-oldrel-macos-x86_64, r-oldrel-windows-ix86+x86_64

Version: 0.4.9
Check: whether package can be installed
Result: WARN
    Found the following significant warnings:
     WARNING: installation-time patches will not be applied, could not get the patches index
Flavor: r-devel-windows-x86_64-gcc10-UCRT

Version: 0.4.9
Check: PDF version of manual
Result: WARN
    LaTeX errors when creating PDF version.
    This typically indicates Rd problems.
Flavor: r-devel-windows-x86_64-gcc10-UCRT

Version: 0.4.9
Check: PDF version of manual without hyperrefs or index
Result: ERROR
    Re-running with no redirection of stdout/stderr.
Flavor: r-devel-windows-x86_64-gcc10-UCRT