CRAN Package Check Results for Package svgtools

Last updated on 2021-03-02 20:48:10 CET.

Flavor Version Tinstall Tcheck Ttotal Status Flags
r-devel-linux-x86_64-debian-clang 1.0.0 ERROR
r-devel-linux-x86_64-debian-gcc 1.0.0 3.72 25.29 29.01 ERROR
r-devel-linux-x86_64-fedora-clang 1.0.0 54.46 OK
r-devel-linux-x86_64-fedora-gcc 1.0.0 45.56 OK
r-devel-windows-ix86+x86_64 1.0.0 9.00 43.00 52.00 OK
r-patched-linux-x86_64 1.0.0 5.23 31.73 36.96 OK
r-release-linux-x86_64 1.0.0 4.86 31.50 36.36 OK
r-release-macos-x86_64 1.0.0 OK
r-release-windows-ix86+x86_64 1.0.0 9.00 36.00 45.00 OK
r-oldrel-macos-x86_64 1.0.0 ERROR

Check Details

Version: 1.0.0
Check: examples
Result: ERROR
    Running examples in 'svgtools-Ex.R' failed
    The error most likely occurred in:
    
    > base::assign(".ptime", proc.time(), pos = "CheckExEnv")
    > ### Name: percentileBar
    > ### Title: Adjust (stacked) bar chart representing percentiles
    > ### Aliases: percentileBar
    >
    > ### ** Examples
    >
    > #read SVG file
    > fpath <- system.file("extdata", "fig9.svg", package="svgtools")
    > svg <- read_svg(file = fpath)
    >
    > #adjust bars
    > set.seed(12345)
    > yy <- -2:2*15
    > percentiles <- data.frame(p5=rnorm(5,350,10)+yy, p25=rnorm(5,450,10)+yy,
    + p50low=rnorm(5,510,10)+yy-1.5, p75=rnorm(5,560,10)+yy,
    + p95=rnorm(5,640,10)+yy)
    > percentiles$p50upp <- percentiles$p50low+3
    > svg <- percentileBar(svg = svg, frame_name = "frame", group_name = "group",
    + scale_real = c(250,750), values = percentiles)
    Error in xtfrm.data.frame(x) : cannot xtfrm data frames
    Calls: percentileBar ... lapply -> FUN -> as.vector -> xtfrm -> xtfrm.data.frame
    Execution halted
Flavors: r-devel-linux-x86_64-debian-clang, r-devel-linux-x86_64-debian-gcc

Version: 1.0.0
Check: whether package can be installed
Result: ERROR
    Installation failed.
Flavor: r-oldrel-macos-x86_64