CRAN Package Check Results for Package swagger

Last updated on 2021-04-10 19:49:54 CEST.

Flavor Version Tinstall Tcheck Ttotal Status Flags
r-devel-linux-x86_64-debian-clang 3.33.1 1.80 21.96 23.76 NOTE
r-devel-linux-x86_64-debian-gcc 3.33.1 1.44 17.46 18.90 NOTE
r-devel-linux-x86_64-fedora-clang 3.33.1 36.58 NOTE
r-devel-linux-x86_64-fedora-gcc 3.33.1 25.96 NOTE
r-devel-windows-ix86+x86_64 3.33.1 5.00 28.00 33.00 NOTE
r-devel-windows-x86_64-gcc10-UCRT 3.33.1 NOTE
r-patched-linux-x86_64 3.33.1 2.15 21.25 23.40 OK
r-patched-solaris-x86 3.33.1 47.60 OK
r-release-linux-x86_64 3.33.1 2.16 21.45 23.61 OK
r-release-macos-x86_64 3.33.1 OK
r-release-windows-ix86+x86_64 3.33.1 4.00 36.00 40.00 OK
r-oldrel-macos-x86_64 3.33.1 OK
r-oldrel-windows-ix86+x86_64 3.33.1 4.00 32.00 36.00 OK

Check Details

Version: 3.33.1
Check: LazyData
Result: NOTE
     'LazyData' is specified without a 'data' directory
Flavors: r-devel-linux-x86_64-debian-clang, r-devel-linux-x86_64-debian-gcc, r-devel-linux-x86_64-fedora-clang, r-devel-linux-x86_64-fedora-gcc, r-devel-windows-ix86+x86_64, r-devel-windows-x86_64-gcc10-UCRT