CRAN Package Check Results for Package swfscMisc

Last updated on 2020-11-29 03:50:44 CET.

Flavor Version Tinstall Tcheck Ttotal Status Flags
r-devel-linux-x86_64-debian-clang 1.3 14.38 88.18 102.56 OK
r-devel-linux-x86_64-debian-gcc 1.3 9.85 76.42 86.27 OK
r-devel-linux-x86_64-fedora-clang 1.3 126.52 NOTE
r-devel-linux-x86_64-fedora-gcc 1.3 117.83 NOTE
r-devel-windows-ix86+x86_64 1.3 23.00 116.00 139.00 OK
r-patched-linux-x86_64 1.3 10.95 88.43 99.38 OK
r-patched-solaris-x86 1.3 164.50 NOTE
r-release-linux-x86_64 1.3 12.05 87.26 99.31 OK
r-release-macos-x86_64 1.3 NOTE
r-release-windows-ix86+x86_64 1.3 16.00 93.00 109.00 OK
r-oldrel-macos-x86_64 1.3 NOTE
r-oldrel-windows-ix86+x86_64 1.3 18.00 105.00 123.00 OK

Check Details

Version: 1.3
Check: dependencies in R code
Result: NOTE
    Namespace in Imports field not imported from: ‘reshape2’
     All declared Imports should be used.
Flavors: r-devel-linux-x86_64-fedora-clang, r-devel-linux-x86_64-fedora-gcc, r-patched-solaris-x86, r-release-macos-x86_64, r-oldrel-macos-x86_64