CRAN Package Check Results for Package sylly

Last updated on 2020-02-17 19:49:33 CET.

Flavor Version Tinstall Tcheck Ttotal Status Flags
r-devel-linux-x86_64-debian-clang 0.1-5 4.42 36.11 40.53 NOTE
r-devel-linux-x86_64-debian-gcc 0.1-5 3.98 28.22 32.20 NOTE
r-devel-linux-x86_64-fedora-clang 0.1-5 51.30 NOTE
r-devel-linux-x86_64-fedora-gcc 0.1-5 50.01 NOTE
r-devel-windows-ix86+x86_64 0.1-5 10.00 47.00 57.00 NOTE
r-devel-windows-ix86+x86_64-gcc8 0.1-5 15.00 46.00 61.00 NOTE
r-patched-linux-x86_64 0.1-5 3.24 32.02 35.26 NOTE
r-patched-solaris-x86 0.1-5 66.90 NOTE
r-release-linux-x86_64 0.1-5 3.14 32.00 35.14 NOTE
r-release-windows-ix86+x86_64 0.1-5 6.00 45.00 51.00 NOTE
r-release-osx-x86_64 0.1-5 NOTE
r-oldrel-windows-ix86+x86_64 0.1-5 6.00 59.00 65.00 NOTE
r-oldrel-osx-x86_64 0.1-5 NOTE

Check Details

Version: 0.1-5
Check: package dependencies
Result: NOTE
    Packages suggested but not available for checking: 'sylly.de', 'sylly.es'
Flavors: r-devel-linux-x86_64-debian-clang, r-devel-linux-x86_64-debian-gcc, r-devel-linux-x86_64-fedora-clang, r-devel-linux-x86_64-fedora-gcc, r-devel-windows-ix86+x86_64, r-devel-windows-ix86+x86_64-gcc8, r-patched-linux-x86_64, r-patched-solaris-x86, r-release-linux-x86_64, r-release-windows-ix86+x86_64, r-release-osx-x86_64

Version: 0.1-5
Check: package dependencies
Result: NOTE
    Packages suggested but not available for checking: 'sylly.de' 'sylly.es'
Flavors: r-oldrel-windows-ix86+x86_64, r-oldrel-osx-x86_64