CRAN Package Check Results for Package sylly

Last updated on 2019-09-17 08:49:26 CEST.

Flavor Version Tinstall Tcheck Ttotal Status Flags
r-devel-linux-x86_64-debian-clang 0.1-5 3.84 30.32 34.16 NOTE
r-devel-linux-x86_64-debian-gcc 0.1-5 NOTE
r-devel-linux-x86_64-fedora-clang 0.1-5 42.61 NOTE
r-devel-linux-x86_64-fedora-gcc 0.1-5 42.62 NOTE
r-devel-windows-ix86+x86_64 0.1-5 12.00 45.00 57.00 NOTE
r-patched-linux-x86_64 0.1-5 3.38 30.38 33.76 NOTE
r-patched-solaris-x86 0.1-5 63.60 NOTE
r-release-linux-x86_64 0.1-5 3.45 31.58 35.03 NOTE
r-release-windows-ix86+x86_64 0.1-5 6.00 62.00 68.00 NOTE
r-release-osx-x86_64 0.1-5 NOTE
r-oldrel-windows-ix86+x86_64 0.1-5 7.00 37.00 44.00 NOTE
r-oldrel-osx-x86_64 0.1-5 NOTE

Check Details

Version: 0.1-5
Check: package dependencies
Result: NOTE
    Packages suggested but not available for checking: 'sylly.de', 'sylly.es'
Flavors: r-devel-linux-x86_64-debian-clang, r-devel-linux-x86_64-debian-gcc, r-devel-linux-x86_64-fedora-clang, r-devel-linux-x86_64-fedora-gcc, r-devel-windows-ix86+x86_64, r-patched-linux-x86_64, r-patched-solaris-x86, r-release-linux-x86_64, r-release-windows-ix86+x86_64, r-release-osx-x86_64

Version: 0.1-5
Check: package dependencies
Result: NOTE
    Packages suggested but not available for checking: 'sylly.de' 'sylly.es'
Flavors: r-oldrel-windows-ix86+x86_64, r-oldrel-osx-x86_64