CRAN Package Check Results for Package symmoments

Last updated on 2019-10-14 04:46:36 CEST.

Flavor Version Tinstall Tcheck Ttotal Status Flags
r-devel-linux-x86_64-debian-clang 1.2 3.94 43.79 47.73 NOTE
r-devel-linux-x86_64-debian-gcc 1.2 3.90 35.30 39.20 NOTE
r-devel-linux-x86_64-fedora-clang 1.2 62.27 NOTE
r-devel-linux-x86_64-fedora-gcc 1.2 54.31 NOTE
r-devel-windows-ix86+x86_64 1.2 9.00 89.00 98.00 NOTE
r-patched-linux-x86_64 1.2 3.88 43.19 47.07 NOTE
r-patched-solaris-x86 1.2 81.50 NOTE
r-release-linux-x86_64 1.2 4.42 43.21 47.63 NOTE
r-release-windows-ix86+x86_64 1.2 13.00 64.00 77.00 NOTE
r-release-osx-x86_64 1.2 NOTE
r-oldrel-windows-ix86+x86_64 1.2 5.00 59.00 64.00 NOTE
r-oldrel-osx-x86_64 1.2 NOTE

Check Details

Version: 1.2
Check: R code for possible problems
Result: NOTE
    integrate.polynomial : f: no visible global function definition for
     'dmvnorm'
    Undefined global functions or variables:
     dmvnorm
Flavors: r-devel-linux-x86_64-debian-clang, r-devel-linux-x86_64-debian-gcc, r-devel-linux-x86_64-fedora-clang, r-devel-linux-x86_64-fedora-gcc, r-devel-windows-ix86+x86_64, r-patched-linux-x86_64, r-patched-solaris-x86, r-release-linux-x86_64, r-release-windows-ix86+x86_64, r-release-osx-x86_64, r-oldrel-windows-ix86+x86_64, r-oldrel-osx-x86_64