CRAN Package Check Results for Package synbreed

Last updated on 2020-01-21 16:49:38 CET.

Flavor Version Tinstall Tcheck Ttotal Status Flags
r-devel-linux-x86_64-debian-clang 0.12-9 17.95 152.98 170.93 OK
r-devel-linux-x86_64-debian-gcc 0.12-9 14.18 125.88 140.06 OK
r-devel-linux-x86_64-fedora-clang 0.12-9 205.99 WARN
r-devel-linux-x86_64-fedora-gcc 0.12-9 203.53 OK
r-devel-windows-ix86+x86_64 0.12-9 61.00 174.00 235.00 OK
r-devel-windows-ix86+x86_64-gcc8 0.12-9 48.00 247.00 295.00 OK
r-patched-linux-x86_64 0.12-9 15.23 141.97 157.20 OK
r-patched-solaris-x86 0.12-9 277.70 OK
r-release-linux-x86_64 0.12-9 15.61 142.61 158.22 OK
r-release-windows-ix86+x86_64 0.12-9 27.00 218.00 245.00 OK
r-release-osx-x86_64 0.12-9 OK
r-oldrel-windows-ix86+x86_64 0.12-9 20.00 174.00 194.00 OK
r-oldrel-osx-x86_64 0.12-9 OK

Check Details

Version: 0.12-9
Check: package dependencies
Result: WARN
    Requires orphaned package: ‘regress’
Flavor: r-devel-linux-x86_64-fedora-clang