CRAN Package Check Results for Package systemfit

Last updated on 2022-05-17 21:51:00 CEST.

Flavor Version Tinstall Tcheck Ttotal Status Flags
r-devel-linux-x86_64-debian-clang 1.1-24 12.85 206.21 219.06 OK
r-devel-linux-x86_64-debian-gcc 1.1-24 10.91 153.25 164.16 OK
r-devel-linux-x86_64-fedora-clang 1.1-24 261.11 NOTE
r-devel-linux-x86_64-fedora-gcc 1.1-24 257.11 OK
r-devel-windows-x86_64 1.1-24 44.00 272.00 316.00 OK
r-patched-linux-x86_64 1.1-24 13.25 198.24 211.49 OK
r-release-linux-x86_64 1.1-24 11.74 195.93 207.67 OK
r-release-macos-arm64 1.1-24 73.00 NOTE
r-release-macos-x86_64 1.1-24 136.00 OK
r-release-windows-x86_64 1.1-24 59.00 263.00 322.00 OK
r-oldrel-macos-arm64 1.1-24 102.00 NOTE
r-oldrel-macos-x86_64 1.1-24 131.00 OK
r-oldrel-windows-ix86+x86_64 1.1-24 24.00 237.00 261.00 OK

Check Details

Version: 1.1-24
Check: Rd cross-references
Result: NOTE
    Undeclared package ‘Ecdat’ in Rd xrefs
Flavor: r-devel-linux-x86_64-fedora-clang

Version: 1.1-24
Check: re-building of vignette outputs
Result: NOTE
    Error(s) in re-building vignettes:
    --- re-building ‘systemfit.Rnw’ using Sweave
    Loading required package: Matrix
    Loading required package: car
    Loading required package: carData
    Loading required package: lmtest
    Loading required package: zoo
    
    Attaching package: ‘zoo’
    
    The following objects are masked from ‘package:base’:
    
     as.Date, as.Date.numeric
    
    
    Please cite the 'systemfit' package as:
    Arne Henningsen and Jeff D. Hamann (2007). systemfit: A Package for Estimating Systems of Simultaneous Equations in R. Journal of Statistical Software 23(4), 1-40. http://www.jstatsoft.org/v23/i04/.
    
    If you have questions, suggestions, or comments regarding the 'systemfit' package, please use a forum or 'tracker' at systemfit's R-Forge site:
    https://r-forge.r-project.org/projects/systemfit/
    
    Error: processing vignette 'systemfit.Rnw' failed with diagnostics:
     chunk 43 (label = systemfit_sem)
    Error : package or namespace load failed for ‘sem’ in loadNamespace(j <- i[[1L]], c(lib.loc, .libPaths()), versionCheck = vI[[j]]):
     there is no package called ‘mi’
    
    --- failed re-building ‘systemfit.Rnw’
    
    SUMMARY: processing the following file failed:
     ‘systemfit.Rnw’
    
    Error: Vignette re-building failed.
    Execution halted
Flavors: r-release-macos-arm64, r-oldrel-macos-arm64