CRAN Package Check Results for Package syt

Last updated on 2023-06-03 02:51:33 CEST.

Flavor Version Tinstall Tcheck Ttotal Status Flags
r-devel-linux-x86_64-debian-clang 0.2.0 10.08 74.68 84.76 NOTE
r-devel-linux-x86_64-debian-gcc 0.2.0 6.38 56.45 62.83 NOTE
r-devel-linux-x86_64-fedora-clang 0.2.0 102.69 NOTE
r-devel-linux-x86_64-fedora-gcc 0.2.0 99.12 NOTE
r-devel-windows-x86_64 0.2.0 8.00 78.00 86.00 NOTE
r-patched-linux-x86_64 0.2.0 NOTE
r-release-linux-x86_64 0.2.0 7.03 71.65 78.68 NOTE
r-release-macos-arm64 0.2.0 35.00 NOTE
r-release-macos-x86_64 0.2.0 55.00 NOTE
r-release-windows-x86_64 0.2.0 11.00 91.00 102.00 NOTE
r-oldrel-macos-arm64 0.2.0 32.00 NOTE
r-oldrel-macos-x86_64 0.2.0 44.00 NOTE
r-oldrel-windows-x86_64 0.2.0 10.00 89.00 99.00 NOTE

Check Details

Version: 0.2.0
Check: LazyData
Result: NOTE
     'LazyData' is specified without a 'data' directory
Flavors: r-devel-linux-x86_64-debian-clang, r-devel-linux-x86_64-debian-gcc, r-devel-linux-x86_64-fedora-clang, r-devel-linux-x86_64-fedora-gcc, r-devel-windows-x86_64, r-patched-linux-x86_64, r-release-linux-x86_64, r-release-macos-arm64, r-release-macos-x86_64, r-release-windows-x86_64, r-oldrel-macos-arm64, r-oldrel-macos-x86_64, r-oldrel-windows-x86_64