CRAN Package Check Results for Package tablerDash

Last updated on 2022-12-09 15:56:03 CET.

Flavor Version Tinstall Tcheck Ttotal Status Flags
r-devel-linux-x86_64-debian-clang 0.1.0 3.84 27.58 31.42 NOTE
r-devel-linux-x86_64-debian-gcc 0.1.0 2.66 21.86 24.52 NOTE
r-devel-linux-x86_64-fedora-clang 0.1.0 48.91 NOTE
r-devel-linux-x86_64-fedora-gcc 0.1.0 46.65 NOTE
r-devel-windows-x86_64 0.1.0 121.00 65.00 186.00 NOTE
r-patched-linux-x86_64 0.1.0 3.43 25.31 28.74 NOTE
r-release-linux-x86_64 0.1.0 3.52 25.67 29.19 NOTE
r-release-macos-arm64 0.1.0 18.00 NOTE
r-release-macos-x86_64 0.1.0 33.00 NOTE
r-release-windows-x86_64 0.1.0 102.00 58.00 160.00 NOTE
r-oldrel-macos-arm64 0.1.0 18.00 NOTE
r-oldrel-macos-x86_64 0.1.0 29.00 NOTE
r-oldrel-windows-ix86+x86_64 0.1.0 10.00 53.00 63.00 NOTE

Check Details

Version: 0.1.0
Check: LazyData
Result: NOTE
     'LazyData' is specified without a 'data' directory
Flavors: r-devel-linux-x86_64-debian-clang, r-devel-linux-x86_64-debian-gcc, r-devel-linux-x86_64-fedora-clang, r-devel-linux-x86_64-fedora-gcc, r-devel-windows-x86_64, r-patched-linux-x86_64, r-release-linux-x86_64, r-release-macos-arm64, r-release-macos-x86_64, r-release-windows-x86_64, r-oldrel-macos-arm64, r-oldrel-macos-x86_64, r-oldrel-windows-ix86+x86_64

Version: 0.1.0
Check: dependencies in R code
Result: NOTE
    Namespace in Imports field not imported from: ‘knitr’
     All declared Imports should be used.
Flavors: r-devel-linux-x86_64-fedora-clang, r-devel-linux-x86_64-fedora-gcc, r-release-macos-arm64, r-release-macos-x86_64, r-oldrel-macos-arm64, r-oldrel-macos-x86_64