CRAN Package Check Results for Package tabulizer

Last updated on 2020-02-19 22:57:35 CET.

Flavor Version Tinstall Tcheck Ttotal Status Flags
r-devel-linux-x86_64-debian-clang 0.2.2 4.75 172.95 177.70 OK
r-devel-linux-x86_64-debian-gcc 0.2.2 4.37 140.92 145.29 OK
r-devel-linux-x86_64-fedora-clang 0.2.2 226.59 OK
r-devel-linux-x86_64-fedora-gcc 0.2.2 182.25 OK
r-devel-windows-ix86+x86_64 0.2.2 10.00 139.00 149.00 OK
r-devel-windows-ix86+x86_64-gcc8 0.2.2 15.00 125.00 140.00 OK
r-patched-linux-x86_64 0.2.2 4.65 163.00 167.65 OK
r-patched-solaris-x86 0.2.2 157.50 OK
r-release-linux-x86_64 0.2.2 4.77 162.11 166.88 OK
r-release-windows-ix86+x86_64 0.2.2 8.00 116.00 124.00 OK
r-release-osx-x86_64 0.2.2 OK
r-oldrel-windows-ix86+x86_64 0.2.2 5.00 106.00 111.00 ERROR
r-oldrel-osx-x86_64 0.2.2 OK

Check Details

Version: 0.2.2
Check: tests
Result: ERROR
     Running 'testthat.R' [42s]
    Running the tests in 'tests/testthat.R' failed.
    Complete output:
     > library("testthat")
     > library("tabulizer")
     >
     > stop_logging()
     > test_check("tabulizer")
     -- 1. Error: Read French language PDF w/correct encoding (@test_non-latin.R#15)
     cannot open URL 'http://www.europarl.europa.eu/oeil/popups/printfichetechnical.pdf?id=673511&lang=fr'
     Backtrace:
     1. tabulizer::extract_text(f2, page = 1, encoding = "latin1")
     2. tabulizer:::load_doc(file, password = password, copy = copy)
     3. tabulizer:::localize_file(path = file, copy = copy)
     4. utils::download.file(path, tmp, quiet = quiet, mode = "wb")
    
     == testthat results ===========================================================
     [ OK: 89 | SKIPPED: 0 | WARNINGS: 1 | FAILED: 1 ]
     1. Error: Read French language PDF w/correct encoding (@test_non-latin.R#15)
    
     Error: testthat unit tests failed
     Execution halted
Flavor: r-oldrel-windows-ix86+x86_64