CRAN Package Check Results for Package tabulizer

Last updated on 2019-10-15 00:50:09 CEST.

Flavor Version Tinstall Tcheck Ttotal Status Flags
r-devel-linux-x86_64-debian-clang 0.2.2 4.98 160.82 165.80 OK
r-devel-linux-x86_64-debian-gcc 0.2.2 4.17 134.02 138.19 OK
r-devel-linux-x86_64-fedora-clang 0.2.2 215.19 OK
r-devel-linux-x86_64-fedora-gcc 0.2.2 174.92 OK
r-devel-windows-ix86+x86_64 0.2.2 8.00 7.00 15.00 ERROR
r-patched-linux-x86_64 0.2.2 4.11 160.02 164.13 OK
r-patched-solaris-x86 0.2.2 148.10 OK
r-release-linux-x86_64 0.2.2 4.17 165.67 169.84 OK
r-release-windows-ix86+x86_64 0.2.2 11.00 112.00 123.00 OK
r-release-osx-x86_64 0.2.2 OK
r-oldrel-windows-ix86+x86_64 0.2.2 6.00 124.00 130.00 ERROR
r-oldrel-osx-x86_64 0.2.2 OK

Check Details

Version: 0.2.2
Check: whether package can be installed
Result: ERROR
    Installation failed.
Flavor: r-devel-windows-ix86+x86_64

Version: 0.2.2
Check: tests
Result: ERROR
     Running 'testthat.R' [59s]
    Running the tests in 'tests/testthat.R' failed.
    Complete output:
     > library("testthat")
     > library("tabulizer")
     >
     > stop_logging()
     > test_check("tabulizer")
     -- 1. Error: Read French language PDF w/correct encoding (@test_non-latin.R#15)
     cannot open URL 'http://www.europarl.europa.eu/oeil/popups/printfichetechnical.pdf?id=673511&lang=fr'
     1: extract_text(f2, page = 1, encoding = "latin1") at testthat/test_non-latin.R:15
     2: load_doc(file, password = password, copy = copy)
     3: localize_file(path = file, copy = copy)
     4: utils::download.file(path, tmp, quiet = quiet, mode = "wb")
    
     == testthat results ===========================================================
     [ OK: 89 | SKIPPED: 0 | WARNINGS: 1 | FAILED: 1 ]
     1. Error: Read French language PDF w/correct encoding (@test_non-latin.R#15)
    
     Error: testthat unit tests failed
     Execution halted
Flavor: r-oldrel-windows-ix86+x86_64