CRAN Package Check Results for Package tagcloud

Last updated on 2020-02-20 23:47:44 CET.

Flavor Version Tinstall Tcheck Ttotal Status Flags
r-devel-linux-x86_64-debian-clang 0.6 20.20 45.07 65.27 OK
r-devel-linux-x86_64-debian-gcc 0.6 13.72 33.70 47.42 OK
r-devel-linux-x86_64-fedora-clang 0.6 84.88 NOTE
r-devel-linux-x86_64-fedora-gcc 0.6 82.59 NOTE
r-devel-windows-ix86+x86_64 0.6 55.00 81.00 136.00 OK
r-devel-windows-ix86+x86_64-gcc8 0.6 64.00 77.00 141.00 OK
r-patched-linux-x86_64 0.6 16.74 41.40 58.14 OK
r-patched-solaris-x86 0.6 94.90 OK
r-release-linux-x86_64 0.6 18.67 40.40 59.07 OK
r-release-windows-ix86+x86_64 0.6 45.00 74.00 119.00 OK
r-release-osx-x86_64 0.6 OK
r-oldrel-windows-ix86+x86_64 0.6 40.00 61.00 101.00 OK
r-oldrel-osx-x86_64 0.6 OK

Check Details

Version: 0.6
Check: compiled code
Result: NOTE
    File ‘tagcloud/libs/tagcloud.so’:
     Found no calls to: ‘R_registerRoutines’, ‘R_useDynamicSymbols’
    
    It is good practice to register native routines and to disable symbol
    search.
    
    See ‘Writing portable packages’ in the ‘Writing R Extensions’ manual.
Flavors: r-devel-linux-x86_64-fedora-clang, r-devel-linux-x86_64-fedora-gcc