Last updated on 2019-12-12 17:49:37 CET.
Flavor | Version | Tinstall | Tcheck | Ttotal | Status | Flags |
---|---|---|---|---|---|---|
r-devel-linux-x86_64-debian-clang | 1.0.0 | 13.17 | 85.42 | 98.59 | OK | |
r-devel-linux-x86_64-debian-gcc | 1.0.0 | 11.19 | 66.70 | 77.89 | OK | |
r-devel-linux-x86_64-fedora-clang | 1.0.0 | 121.20 | NOTE | |||
r-devel-linux-x86_64-fedora-gcc | 1.0.0 | 123.63 | NOTE | |||
r-devel-windows-ix86+x86_64 | 1.0.0 | 26.00 | 158.00 | 184.00 | OK | |
r-devel-windows-ix86+x86_64-gcc8 | 1.0.0 | 23.00 | 160.00 | 183.00 | OK | |
r-patched-linux-x86_64 | 1.0.0 | 11.99 | 78.20 | 90.19 | OK | |
r-patched-solaris-x86 | 1.0.0 | 172.70 | OK | |||
r-release-linux-x86_64 | 1.0.0 | 11.06 | 78.95 | 90.01 | OK | |
r-release-windows-ix86+x86_64 | 1.0.0 | 23.00 | 112.00 | 135.00 | OK | |
r-release-osx-x86_64 | 1.0.0 | OK | ||||
r-oldrel-windows-ix86+x86_64 | 1.0.0 | 17.00 | 100.00 | 117.00 | OK | |
r-oldrel-osx-x86_64 | 1.0.0 | OK |
Version: 1.0.0
Check: compiled code
Result: NOTE
File ‘tailDepFun/libs/tailDepFun.so’:
Found no calls to: ‘R_registerRoutines’, ‘R_useDynamicSymbols’
It is good practice to register native routines and to disable symbol
search.
See ‘Writing portable packages’ in the ‘Writing R Extensions’ manual.
Flavors: r-devel-linux-x86_64-fedora-clang, r-devel-linux-x86_64-fedora-gcc