CRAN Package Check Results for Package tailDepFun

Last updated on 2019-08-21 15:47:11 CEST.

Flavor Version Tinstall Tcheck Ttotal Status Flags
r-devel-linux-x86_64-debian-clang 1.0.0 11.22 78.47 89.69 OK
r-devel-linux-x86_64-debian-gcc 1.0.0 OK
r-devel-linux-x86_64-fedora-clang 1.0.0 109.83 NOTE
r-devel-linux-x86_64-fedora-gcc 1.0.0 113.84 NOTE
r-devel-windows-ix86+x86_64 1.0.0 21.00 122.00 143.00 OK
r-patched-linux-x86_64 1.0.0 10.82 78.06 88.88 OK
r-patched-solaris-x86 1.0.0 165.20 OK
r-release-linux-x86_64 1.0.0 10.89 78.08 88.97 OK
r-release-windows-ix86+x86_64 1.0.0 24.00 112.00 136.00 OK
r-release-osx-x86_64 1.0.0 OK
r-oldrel-windows-ix86+x86_64 1.0.0 25.00 146.00 171.00 OK
r-oldrel-osx-x86_64 1.0.0 OK

Check Details

Version: 1.0.0
Check: compiled code
Result: NOTE
    File ‘tailDepFun/libs/tailDepFun.so’:
     Found no calls to: ‘R_registerRoutines’, ‘R_useDynamicSymbols’
    
    It is good practice to register native routines and to disable symbol
    search.
    
    See ‘Writing portable packages’ in the ‘Writing R Extensions’ manual.
Flavors: r-devel-linux-x86_64-fedora-clang, r-devel-linux-x86_64-fedora-gcc