Last updated on 2021-03-08 08:48:44 CET.
Flavor | Version | Tinstall | Tcheck | Ttotal | Status | Flags |
---|---|---|---|---|---|---|
r-devel-linux-x86_64-debian-clang | 0.2.0 | 6.72 | 65.09 | 71.81 | OK | |
r-devel-linux-x86_64-debian-gcc | 0.2.0 | 5.78 | 48.51 | 54.29 | OK | |
r-devel-linux-x86_64-fedora-clang | 0.2.0 | 91.75 | NOTE | |||
r-devel-linux-x86_64-fedora-gcc | 0.2.0 | 80.70 | NOTE | |||
r-devel-windows-ix86+x86_64 | 0.2.0 | 14.00 | 76.00 | 90.00 | OK | |
r-devel-windows-x86_64-gcc10-UCRT | 0.2.0 | NOTE | ||||
r-patched-linux-x86_64 | 0.2.0 | 5.49 | 59.08 | 64.57 | OK | |
r-patched-solaris-x86 | 0.2.0 | 121.10 | NOTE | |||
r-release-linux-x86_64 | 0.2.0 | 6.84 | 59.40 | 66.24 | OK | |
r-release-macos-x86_64 | 0.2.0 | NOTE | ||||
r-release-windows-ix86+x86_64 | 0.2.0 | 13.00 | 66.00 | 79.00 | OK | |
r-oldrel-macos-x86_64 | 0.2.0 | NOTE | ||||
r-oldrel-windows-ix86+x86_64 | 0.2.0 | 10.00 | 61.00 | 71.00 | OK |
Version: 0.2.0
Check: dependencies in R code
Result: NOTE
Namespaces in Imports field not imported from:
‘MASS’ ‘devEMF’ ‘segmented’ ‘smoother’ ‘tools’
All declared Imports should be used.
Flavors: r-devel-linux-x86_64-fedora-clang, r-devel-linux-x86_64-fedora-gcc, r-devel-windows-x86_64-gcc10-UCRT, r-patched-solaris-x86, r-release-macos-x86_64, r-oldrel-macos-x86_64