CRAN Package Check Results for Package taxlist

Last updated on 2020-02-20 23:47:44 CET.

Flavor Version Tinstall Tcheck Ttotal Status Flags
r-devel-linux-x86_64-debian-clang 0.1.7 10.33 75.11 85.44 WARN
r-devel-linux-x86_64-debian-gcc 0.1.7 9.39 56.20 65.59 OK
r-devel-linux-x86_64-fedora-clang 0.1.7 104.90 NOTE
r-devel-linux-x86_64-fedora-gcc 0.1.7 101.43 NOTE
r-devel-windows-ix86+x86_64 0.1.7 21.00 99.00 120.00 OK
r-devel-windows-ix86+x86_64-gcc8 0.1.7 36.00 102.00 138.00 OK
r-patched-linux-x86_64 0.1.7 8.57 69.19 77.76 OK
r-patched-solaris-x86 0.1.7 142.90 NOTE
r-release-linux-x86_64 0.1.7 8.71 66.37 75.08 OK
r-release-windows-ix86+x86_64 0.1.7 17.00 97.00 114.00 OK
r-release-osx-x86_64 0.1.7 NOTE
r-oldrel-windows-ix86+x86_64 0.1.7 11.00 99.00 110.00 OK
r-oldrel-osx-x86_64 0.1.7 NOTE

Check Details

Version: 0.1.7
Check: data for ASCII and uncompressed saves
Result: WARN
     Warning message:
     In load(p, envir = env) :
     strings not representable in native encoding will be translated to UTF-8
Flavor: r-devel-linux-x86_64-debian-clang

Version: 0.1.7
Check: data for non-ASCII characters
Result: NOTE
     Note: found 136 marked UTF-8 strings
Flavors: r-devel-linux-x86_64-fedora-clang, r-devel-linux-x86_64-fedora-gcc, r-patched-solaris-x86, r-release-osx-x86_64, r-oldrel-osx-x86_64