CRAN Package Check Results for Package taxlist

Last updated on 2019-09-19 10:48:05 CEST.

Flavor Version Tinstall Tcheck Ttotal Status Flags
r-devel-linux-x86_64-debian-clang 0.1.6 8.84 58.62 67.46 OK
r-devel-linux-x86_64-debian-gcc 0.1.6 7.36 46.86 54.22 OK
r-devel-linux-x86_64-fedora-clang 0.1.6 82.02 NOTE
r-devel-linux-x86_64-fedora-gcc 0.1.6 79.80 NOTE
r-devel-windows-ix86+x86_64 0.1.6 23.00 116.00 139.00 OK
r-patched-linux-x86_64 0.1.6 7.61 56.66 64.27 OK
r-patched-solaris-x86 0.1.6 123.60 NOTE
r-release-linux-x86_64 0.1.6 8.60 56.90 65.50 OK
r-release-windows-ix86+x86_64 0.1.6 17.00 118.00 135.00 OK
r-release-osx-x86_64 0.1.6 NOTE
r-oldrel-windows-ix86+x86_64 0.1.6 12.00 77.00 89.00 OK
r-oldrel-osx-x86_64 0.1.6 NOTE

Check Details

Version: 0.1.6
Check: dependencies in R code
Result: NOTE
    Namespace in Imports field not imported from: ‘grDevices’
     All declared Imports should be used.
Flavors: r-devel-linux-x86_64-fedora-clang, r-devel-linux-x86_64-fedora-gcc, r-patched-solaris-x86, r-release-osx-x86_64, r-oldrel-osx-x86_64

Version: 0.1.6
Check: data for non-ASCII characters
Result: NOTE
     Note: found 97 marked UTF-8 strings
Flavors: r-devel-linux-x86_64-fedora-clang, r-devel-linux-x86_64-fedora-gcc, r-patched-solaris-x86, r-release-osx-x86_64, r-oldrel-osx-x86_64