CRAN Package Check Results for Package taxotools

Last updated on 2020-02-19 22:57:35 CET.

Flavor Version Tinstall Tcheck Ttotal Status Flags
r-devel-linux-x86_64-debian-clang 0.0.35 7.44 54.90 62.34 OK
r-devel-linux-x86_64-debian-gcc 0.0.35 5.87 40.97 46.84 ERROR
r-devel-linux-x86_64-fedora-clang 0.0.35 75.66 OK
r-devel-linux-x86_64-fedora-gcc 0.0.35 71.68 OK
r-devel-windows-ix86+x86_64 0.0.35 19.00 81.00 100.00 OK
r-devel-windows-ix86+x86_64-gcc8 0.0.35 33.00 79.00 112.00 OK
r-patched-linux-x86_64 0.0.35 5.77 47.95 53.72 OK
r-patched-solaris-x86 0.0.35 99.20 OK
r-release-linux-x86_64 0.0.35 6.56 47.19 53.75 OK
r-release-windows-ix86+x86_64 0.0.35 19.00 73.00 92.00 OK
r-release-osx-x86_64 0.0.35 OK
r-oldrel-windows-ix86+x86_64 0.0.35 8.00 68.00 76.00 OK
r-oldrel-osx-x86_64 0.0.35 OK

Check Details

Version: 0.0.35
Check: examples
Result: ERROR
    Running examples in ‘taxotools-Ex.R’ failed
    The error most likely occurred in:
    
    > base::assign(".ptime", proc.time(), pos = "CheckExEnv")
    > ### Name: check_scientific
    > ### Title: Parse and resolve a scientific name string
    > ### Aliases: check_scientific
    >
    > ### ** Examples
    >
    > check_scientific("Akodon longipilis (Waterhouse, 1837)")
    Error in curl::curl_fetch_memory(x$url$url, handle = x$url$handle) :
     Timeout was reached: [resolver.globalnames.org] Resolving timed out after 10000 milliseconds
    Calls: check_scientific ... <Anonymous> -> <Anonymous> -> crul_fetch -> <Anonymous>
    Execution halted
Flavor: r-devel-linux-x86_64-debian-gcc