CRAN Package Check Results for Package taylor

Last updated on 2022-01-27 14:54:17 CET.

Flavor Version Tinstall Tcheck Ttotal Status Flags
r-devel-linux-x86_64-debian-clang 1.0.0 7.48 75.00 82.48 OK
r-devel-linux-x86_64-debian-gcc 1.0.0 4.66 56.18 60.84 OK
r-devel-linux-x86_64-fedora-clang 1.0.0 98.85 NOTE
r-devel-linux-x86_64-fedora-gcc 1.0.0 82.63 NOTE
r-devel-windows-x86_64-new-UL 1.0.0 220.00 101.00 321.00 OK
r-devel-windows-x86_64-new-TK 1.0.0 NOTE
r-patched-linux-x86_64 1.0.0 5.55 65.83 71.38 OK
r-release-linux-x86_64 1.0.0 5.16 66.67 71.83 OK
r-release-macos-arm64 1.0.0 NOTE
r-release-macos-x86_64 1.0.0 NOTE
r-release-windows-ix86+x86_64 1.0.0 14.00 84.00 98.00 OK
r-oldrel-macos-x86_64 1.0.0 NOTE
r-oldrel-windows-ix86+x86_64 1.0.0 14.00 83.00 97.00 OK

Check Details

Version: 1.0.0
Check: data for non-ASCII characters
Result: NOTE
     Note: found 50 marked UTF-8 strings
Flavors: r-devel-linux-x86_64-fedora-clang, r-devel-linux-x86_64-fedora-gcc, r-devel-windows-x86_64-new-TK, r-release-macos-arm64, r-release-macos-x86_64, r-oldrel-macos-x86_64