CRAN Package Check Results for Package tcl

Last updated on 2021-04-15 05:48:13 CEST.

Flavor Version Tinstall Tcheck Ttotal Status Flags
r-devel-linux-x86_64-debian-clang 0.1.0 8.17 95.66 103.83 NOTE
r-devel-linux-x86_64-debian-gcc 0.1.0 5.56 69.49 75.05 NOTE
r-devel-linux-x86_64-fedora-clang 0.1.0 129.25 NOTE
r-devel-linux-x86_64-fedora-gcc 0.1.0 120.76 NOTE
r-devel-windows-ix86+x86_64 0.1.0 18.00 101.00 119.00 NOTE
r-devel-windows-x86_64-gcc10-UCRT 0.1.0 NOTE
r-patched-linux-x86_64 0.1.0 7.93 87.68 95.61 OK
r-patched-solaris-x86 0.1.0 171.10 OK
r-release-linux-x86_64 0.1.0 8.52 89.06 97.58 OK
r-release-macos-x86_64 0.1.0 OK
r-release-windows-ix86+x86_64 0.1.0 14.00 128.00 142.00 OK
r-oldrel-macos-x86_64 0.1.0 OK
r-oldrel-windows-ix86+x86_64 0.1.0 14.00 81.00 95.00 OK

Check Details

Version: 0.1.0
Check: LazyData
Result: NOTE
     'LazyData' is specified without a 'data' directory
Flavors: r-devel-linux-x86_64-debian-clang, r-devel-linux-x86_64-debian-gcc, r-devel-linux-x86_64-fedora-clang, r-devel-linux-x86_64-fedora-gcc, r-devel-windows-ix86+x86_64, r-devel-windows-x86_64-gcc10-UCRT