CRAN Package Check Results for Package tcltk2

Last updated on 2021-03-01 18:50:40 CET.

Flavor Version Tinstall Tcheck Ttotal Status Flags
r-devel-linux-x86_64-debian-clang 1.2-11 NOTE
r-devel-linux-x86_64-debian-gcc 1.2-11 5.31 31.83 37.14 NOTE
r-devel-linux-x86_64-fedora-clang 1.2-11 67.59 NOTE
r-devel-linux-x86_64-fedora-gcc 1.2-11 57.10 NOTE
r-devel-windows-ix86+x86_64 1.2-11 17.00 39.00 56.00 NOTE
r-patched-linux-x86_64 1.2-11 6.36 37.97 44.33 NOTE
r-patched-solaris-x86 1.2-11 74.50 NOTE
r-release-linux-x86_64 1.2-11 7.46 37.68 45.14 NOTE
r-release-macos-x86_64 1.2-11 NOTE
r-release-windows-ix86+x86_64 1.2-11 8.00 39.00 47.00 NOTE
r-oldrel-macos-x86_64 1.2-11 NOTE
r-oldrel-windows-ix86+x86_64 1.2-11 16.00 71.00 87.00 NOTE

Check Details

Version: 1.2-11
Check: DESCRIPTION meta-information
Result: NOTE
    Malformed Description field: should contain one or more complete sentences.
Flavors: r-devel-linux-x86_64-debian-clang, r-devel-linux-x86_64-debian-gcc, r-devel-linux-x86_64-fedora-clang, r-devel-linux-x86_64-fedora-gcc, r-devel-windows-ix86+x86_64, r-patched-linux-x86_64, r-patched-solaris-x86, r-release-linux-x86_64, r-release-macos-x86_64, r-release-windows-ix86+x86_64, r-oldrel-macos-x86_64, r-oldrel-windows-ix86+x86_64

Version: 1.2-11
Check: installed package size
Result: NOTE
     installed size is 5.2Mb
     sub-directories of 1Mb or more:
     tklibs 4.9Mb
Flavors: r-devel-linux-x86_64-fedora-clang, r-release-macos-x86_64, r-oldrel-macos-x86_64