CRAN Package Check Results for Package teamcolors

Last updated on 2022-09-27 16:54:54 CEST.

Flavor Version Tinstall Tcheck Ttotal Status Flags
r-devel-linux-x86_64-debian-clang 0.0.4 6.16 73.61 79.77 OK
r-devel-linux-x86_64-debian-gcc 0.0.4 4.66 52.84 57.50 OK
r-devel-linux-x86_64-fedora-clang 0.0.4 108.92 NOTE
r-devel-linux-x86_64-fedora-gcc 0.0.4 102.82 OK
r-devel-windows-x86_64 0.0.4 16.00 95.00 111.00 OK
r-patched-linux-x86_64 0.0.4 5.52 66.86 72.38 OK
r-release-linux-x86_64 0.0.4 4.02 67.50 71.52 OK
r-release-macos-arm64 0.0.4 27.00 OK
r-release-macos-x86_64 0.0.4 49.00 OK
r-release-windows-x86_64 0.0.4 29.00 100.00 129.00 OK
r-oldrel-macos-arm64 0.0.4 30.00 OK
r-oldrel-macos-x86_64 0.0.4 45.00 OK
r-oldrel-windows-ix86+x86_64 0.0.4 15.00 90.00 105.00 OK

Check Details

Version: 0.0.4
Check: Rd cross-references
Result: NOTE
    Undeclared package ‘scales’ in Rd xrefs
Flavor: r-devel-linux-x86_64-fedora-clang