CRAN Package Check Results for Package templates

Last updated on 2022-06-27 14:53:57 CEST.

Flavor Version Tinstall Tcheck Ttotal Status Flags
r-devel-linux-x86_64-debian-clang 0.3.0 3.24 46.09 49.33 NOTE
r-devel-linux-x86_64-debian-gcc 0.3.0 3.00 34.02 37.02 NOTE
r-devel-linux-x86_64-fedora-clang 0.3.0 68.64 NOTE
r-devel-linux-x86_64-fedora-gcc 0.3.0 69.44 NOTE
r-devel-windows-x86_64 0.3.0 18.00 77.00 95.00 NOTE
r-patched-linux-x86_64 0.3.0 3.31 43.16 46.47 NOTE
r-release-linux-x86_64 0.3.0 2.58 43.48 46.06 NOTE
r-release-macos-arm64 0.3.0 21.00 NOTE
r-release-macos-x86_64 0.3.0 30.00 NOTE
r-release-windows-x86_64 0.3.0 12.00 74.00 86.00 NOTE
r-oldrel-macos-arm64 0.3.0 27.00 NOTE
r-oldrel-macos-x86_64 0.3.0 37.00 NOTE
r-oldrel-windows-ix86+x86_64 0.3.0 10.00 65.00 75.00 NOTE

Check Details

Version: 0.3.0
Check: LazyData
Result: NOTE
     'LazyData' is specified without a 'data' directory
Flavors: r-devel-linux-x86_64-debian-clang, r-devel-linux-x86_64-debian-gcc, r-devel-linux-x86_64-fedora-clang, r-devel-linux-x86_64-fedora-gcc, r-devel-windows-x86_64, r-patched-linux-x86_64, r-release-linux-x86_64, r-release-macos-arm64, r-release-macos-x86_64, r-release-windows-x86_64, r-oldrel-macos-arm64, r-oldrel-macos-x86_64, r-oldrel-windows-ix86+x86_64