CRAN Package Check Results for Package tensorBSS

Last updated on 2020-10-20 13:49:39 CEST.

Flavor Version Tinstall Tcheck Ttotal Status Flags
r-devel-linux-x86_64-debian-clang 0.3.6 49.42 148.26 197.68 OK
r-devel-linux-x86_64-debian-gcc 0.3.6 35.81 111.80 147.61 OK
r-devel-linux-x86_64-fedora-clang 0.3.6 251.80 NOTE
r-devel-linux-x86_64-fedora-gcc 0.3.6 236.94 OK
r-devel-windows-ix86+x86_64 0.3.6 82.00 205.00 287.00 OK
r-patched-linux-x86_64 0.3.6 34.69 135.02 169.71 OK
r-patched-solaris-x86 0.3.6 309.40 OK
r-release-linux-x86_64 0.3.6 40.25 135.58 175.83 OK
r-release-macos-x86_64 0.3.6 OK
r-release-windows-ix86+x86_64 0.3.6 114.00 223.00 337.00 OK
r-oldrel-macos-x86_64 0.3.6 OK
r-oldrel-windows-ix86+x86_64 0.3.6 70.00 249.00 319.00 OK

Check Details

Version: 0.3.6
Check: Rd cross-references
Result: NOTE
    Undeclared package ‘fICA’ in Rd xrefs
Flavor: r-devel-linux-x86_64-fedora-clang