CRAN Package Check Results for Package tergm

Last updated on 2020-09-28 00:47:00 CEST.

Flavor Version Tinstall Tcheck Ttotal Status Flags
r-devel-linux-x86_64-debian-clang 3.6.1 18.93 556.33 575.26 OK
r-devel-linux-x86_64-debian-gcc 3.6.1 15.28 474.32 489.60 OK
r-devel-linux-x86_64-fedora-clang 3.6.1 742.49 OK
r-devel-linux-x86_64-fedora-gcc 3.6.1 778.47 OK
r-devel-windows-ix86+x86_64 3.6.1 49.00 321.00 370.00 OK --no-vignettes
r-patched-linux-x86_64 3.6.1 16.98 193.40 210.38 WARN
r-patched-solaris-x86 3.6.1 1284.30 OK
r-release-linux-x86_64 3.6.1 19.16 549.59 568.75 OK
r-release-macos-x86_64 3.6.1 OK
r-release-windows-ix86+x86_64 3.6.1 48.00 336.00 384.00 OK --no-vignettes
r-oldrel-macos-x86_64 3.6.1 OK
r-oldrel-windows-ix86+x86_64 3.6.1 44.00 334.00 378.00 OK --no-vignettes

Check Details

Version: 3.6.1
Check: re-building of vignette outputs
Result: WARN
    Error(s) in re-building vignettes:
     ...
    --- re-building ‘STERGM.Rnw’ using knitr
    Loading required package: ergm
    Loading required package: network
    network: Classes for Relational Data
    Version 1.16.0 created on 2019-11-30.
    copyright (c) 2005, Carter T. Butts, University of California-Irvine
     Mark S. Handcock, University of California -- Los Angeles
     David R. Hunter, Penn State University
     Martina Morris, University of Washington
     Skye Bender-deMoll, University of Washington
     For citation information, type citation("network").
     Type help("network-package") to get started.
    
    
    ergm: version 3.10.4, created on 2019-06-10
    Copyright (c) 2019, Mark S. Handcock, University of California -- Los Angeles
     David R. Hunter, Penn State University
     Carter T. Butts, University of California -- Irvine
     Steven M. Goodreau, University of Washington
     Pavel N. Krivitsky, University of Wollongong
     Martina Morris, University of Washington
     with contributions from
     Li Wang
     Kirk Li, University of Washington
     Skye Bender-deMoll, University of Washington
     Chad Klumb
    Based on "statnet" project software (statnet.org).
    For license and citation information see statnet.org/attribution
    or type citation("ergm").
    
    NOTE: Versions before 3.6.1 had a bug in the
    implementation of the bd() constriant which distorted
    the sampled distribution somewhat. In addition,
    Sampson's Monks datasets had mislabeled vertices. See
    the NEWS and the documentation for more details.
    
    NOTE: Some common term arguments pertaining to vertex
    attribute and level selection have changed in 3.10.0.
    See terms help for more details. Use
    'options(ergm.term=list(version="3.9.4"))' to use old
    behavior.
    
    Loading required package: networkDynamic
    
    networkDynamic: version 0.10.1, created on 2020-01-16
    Copyright (c) 2020, Carter T. Butts, University of California -- Irvine
     Ayn Leslie-Cook, University of Washington
     Pavel N. Krivitsky, University of Wollongong
     Skye Bender-deMoll, University of Washington
     with contributions from
     Zack Almquist, University of California -- Irvine
     David R. Hunter, Penn State University
     Li Wang
     Kirk Li, University of Washington
     Steven M. Goodreau, University of Washington
     Jeffrey Horner
     Martina Morris, University of Washington
    Based on "statnet" project software (statnet.org).
    For license and citation information see statnet.org/attribution
    or type citation("networkDynamic").
    
    
    tergm: version 3.6.1, created on 2019-06-12
    Copyright (c) 2019, Pavel N. Krivitsky, University of Wollongong
     Mark S. Handcock, University of California -- Los Angeles
     with contributions from
     David R. Hunter, Penn State University
     Steven M. Goodreau, University of Washington
     Martina Morris, University of Washington
     Nicole Bohme Carnegie, New York University
     Carter T. Butts, University of California -- Irvine
     Ayn Leslie-Cook, University of Washington
     Skye Bender-deMoll
     Li Wang
     Kirk Li, University of Washington
    Based on "statnet" project software (statnet.org).
    For license and citation information see statnet.org/attribution
    or type citation("tergm").
    
    Quitting from lines 326-334 (STERGM.Rnw)
    Error: processing vignette 'STERGM.Rnw' failed with diagnostics:
    Unconstrained MCMC sampling did not mix at all. Optimization cannot continue.
    --- failed re-building ‘STERGM.Rnw’
    
    SUMMARY: processing the following file failed:
     ‘STERGM.Rnw’
    
    Error: Vignette re-building failed.
    Execution halted
Flavor: r-patched-linux-x86_64