CRAN Package Check Results for Package tergm

Last updated on 2019-09-18 19:46:41 CEST.

Flavor Version Tinstall Tcheck Ttotal Status Flags
r-devel-linux-x86_64-debian-clang 3.6.1 18.61 684.76 703.37 OK
r-devel-linux-x86_64-debian-gcc 3.6.1 15.17 448.14 463.31 OK
r-devel-linux-x86_64-fedora-clang 3.6.1 971.86 OK
r-devel-linux-x86_64-fedora-gcc 3.6.1 671.52 OK
r-devel-windows-ix86+x86_64 3.6.1 59.00 270.00 329.00 OK --no-vignettes
r-patched-linux-x86_64 3.6.1 18.13 528.44 546.57 OK
r-patched-solaris-x86 3.6.1 1139.50 OK
r-release-linux-x86_64 3.6.1 17.41 538.28 555.69 OK
r-release-windows-ix86+x86_64 3.6.1 38.00 365.00 403.00 OK --no-vignettes
r-release-osx-x86_64 3.6.1 OK
r-oldrel-windows-ix86+x86_64 3.6.1 30.00 398.00 428.00 OK --no-vignettes
r-oldrel-osx-x86_64 3.6.1 ERROR

Check Details

Version: 3.6.1
Check: package dependencies
Result: ERROR
    Packages required and available but unsuitable versions: ‘ergm’ ‘MASS’
    
    See section ‘The DESCRIPTION file’ in the ‘Writing R Extensions’
    manual.
Flavor: r-oldrel-osx-x86_64