CRAN Package Check Results for Package terra

Last updated on 2021-10-17 10:49:32 CEST.

Flavor Version Tinstall Tcheck Ttotal Status Flags
r-devel-linux-x86_64-debian-clang 1.4-11 434.22 260.05 694.27 OK
r-devel-linux-x86_64-debian-gcc 1.4-11 381.14 193.02 574.16 OK
r-devel-linux-x86_64-fedora-clang 1.4-11 1043.88 NOTE
r-devel-linux-x86_64-fedora-gcc 1.4-11 911.85 OK
r-devel-windows-x86_64 1.4-11 592.00 397.00 989.00 NOTE
r-devel-windows-x86_64-gcc10-UCRT 1.4-11 OK
r-patched-linux-x86_64 1.4-11 443.67 254.32 697.99 OK
r-patched-solaris-x86 1.4-11 791.00 NOTE
r-release-linux-x86_64 1.4-11 450.71 252.06 702.77 OK
r-release-macos-arm64 1.4-7 NOTE
r-release-macos-x86_64 1.4-11 NOTE
r-release-windows-ix86+x86_64 1.4-11 843.00 539.00 1382.00 NOTE
r-oldrel-macos-x86_64 1.4-11 NOTE
r-oldrel-windows-ix86+x86_64 1.4-7 957.00 762.00 1719.00 NOTE

Check Details

Version: 1.4-11
Check: installed package size
Result: NOTE
     installed size is 37.5Mb
     sub-directories of 1Mb or more:
     R 1.5Mb
     libs 35.1Mb
Flavors: r-devel-linux-x86_64-fedora-clang, r-devel-windows-x86_64, r-patched-solaris-x86, r-release-macos-x86_64, r-release-windows-ix86+x86_64, r-oldrel-macos-x86_64

Version: 1.4-7
Check: installed package size
Result: NOTE
     installed size is 402.3Mb
     sub-directories of 1Mb or more:
     R 2.1Mb
     libs 399.4Mb
Flavors: r-release-macos-arm64, r-oldrel-windows-ix86+x86_64