CRAN Package Check Results for Package tesseract

Last updated on 2022-08-12 05:53:01 CEST.

Flavor Version Tinstall Tcheck Ttotal Status Flags
r-devel-linux-x86_64-debian-clang 5.1.0 19.24 108.79 128.03 OK
r-devel-linux-x86_64-debian-gcc 5.1.0 19.74 182.42 202.16 OK
r-devel-linux-x86_64-fedora-clang 5.1.0 143.01 OK
r-devel-linux-x86_64-fedora-gcc 5.1.0 165.78 OK
r-devel-windows-x86_64 5.1.0 97.00 141.00 238.00 NOTE
r-patched-linux-x86_64 5.1.0 18.79 105.71 124.50 OK
r-release-linux-x86_64 5.1.0 19.70 86.83 106.53 OK
r-release-macos-arm64 5.1.0 47.00 NOTE
r-release-macos-x86_64 5.1.0 59.00 NOTE
r-release-windows-x86_64 5.1.0 50.00 141.00 191.00 NOTE
r-oldrel-macos-arm64 5.1.0 39.00 NOTE
r-oldrel-macos-x86_64 5.1.0 56.00 NOTE
r-oldrel-windows-ix86+x86_64 5.1.0 82.00 144.00 226.00 NOTE

Check Details

Version: 5.1.0
Check: installed package size
Result: NOTE
     installed size is 22.1Mb
     sub-directories of 1Mb or more:
     doc 1.0Mb
     libs 6.9Mb
     tessdata 14.0Mb
Flavors: r-devel-windows-x86_64, r-release-macos-arm64, r-release-macos-x86_64, r-release-windows-x86_64, r-oldrel-macos-arm64, r-oldrel-macos-x86_64, r-oldrel-windows-ix86+x86_64