CRAN Package Check Results for Package testthat

Last updated on 2019-08-22 03:48:46 CEST.

Flavor Version Tinstall Tcheck Ttotal Status Flags
r-devel-linux-x86_64-debian-clang 2.2.1 37.23 124.25 161.48 OK
r-devel-linux-x86_64-debian-gcc 2.2.1 35.07 102.97 138.04 OK
r-devel-linux-x86_64-fedora-clang 2.2.1 206.46 NOTE
r-devel-linux-x86_64-fedora-gcc 2.2.1 216.58 OK
r-devel-windows-ix86+x86_64 2.2.1 84.00 123.00 207.00 OK
r-patched-linux-x86_64 2.2.1 34.51 122.70 157.21 OK
r-patched-solaris-x86 2.2.1 109.40 OK
r-release-linux-x86_64 2.2.1 35.80 121.52 157.32 OK
r-release-windows-ix86+x86_64 2.2.1 90.00 0.00 90.00 FAIL
r-release-osx-x86_64 2.2.1 NOTE
r-oldrel-windows-ix86+x86_64 2.2.1 77.00 155.00 232.00 OK
r-oldrel-osx-x86_64 2.2.1 NOTE

Check Details

Version: 2.2.1
Check: installed package size
Result: NOTE
     installed size is 6.4Mb
     sub-directories of 1Mb or more:
     libs 4.9Mb
Flavors: r-devel-linux-x86_64-fedora-clang, r-release-osx-x86_64, r-oldrel-osx-x86_64

Version: 2.2.1
Check: package dependencies
Result: FAIL
    Check process probably crashed or hung up for 20 minutes ... killed
    Most likely this happened in the example checks (?),
    if not, ignore the following last lines of example output:
    
    ======== End of example output (where/before crash/hang up occured ?) ========
Flavor: r-release-windows-ix86+x86_64