CRAN Package Check Results for Package text2vec

Last updated on 2021-11-27 08:50:53 CET.

Flavor Version Tinstall Tcheck Ttotal Status Flags
r-devel-linux-x86_64-debian-clang 0.6 OK
r-devel-linux-x86_64-debian-gcc 0.6 52.93 256.44 309.37 OK
r-devel-linux-x86_64-fedora-clang 0.6 473.15 NOTE
r-devel-linux-x86_64-fedora-gcc 0.6 450.83 OK
r-devel-windows-x86_64-new-UL 0.6 95.00 415.00 510.00 NOTE
r-devel-windows-x86_64-new-TK 0.6 OK
r-devel-windows-x86_64-old 0.6 64.00 370.00 434.00 NOTE
r-patched-linux-x86_64 0.6 66.52 305.57 372.09 OK
r-patched-solaris-x86 0.6 442.80 NOTE
r-release-linux-x86_64 0.6 OK
r-release-macos-arm64 0.6 NOTE
r-release-macos-x86_64 0.6 NOTE
r-release-windows-ix86+x86_64 0.6 146.00 460.00 606.00 NOTE
r-oldrel-macos-x86_64 0.6 NOTE
r-oldrel-windows-ix86+x86_64 0.6 106.00 613.00 719.00 NOTE

Check Details

Version: 0.6
Check: installed package size
Result: NOTE
     installed size is 10.2Mb
     sub-directories of 1Mb or more:
     data 2.7Mb
     doc 2.9Mb
     libs 4.0Mb
Flavors: r-devel-linux-x86_64-fedora-clang, r-devel-windows-x86_64-new-UL, r-devel-windows-x86_64-old, r-patched-solaris-x86, r-release-macos-arm64, r-release-macos-x86_64, r-release-windows-ix86+x86_64, r-oldrel-macos-x86_64, r-oldrel-windows-ix86+x86_64