CRAN Package Check Results for Package textcat

Last updated on 2022-08-14 01:49:27 CEST.

Flavor Version Tinstall Tcheck Ttotal Status Flags
r-devel-linux-x86_64-debian-clang 1.0-7 2.49 25.48 27.97 OK
r-devel-linux-x86_64-debian-gcc 1.0-7 1.91 20.13 22.04 OK
r-devel-linux-x86_64-fedora-clang 1.0-7 44.36 NOTE
r-devel-linux-x86_64-fedora-gcc 1.0-7 44.46 NOTE
r-devel-windows-x86_64 1.0-7 16.00 50.00 66.00 OK
r-patched-linux-x86_64 1.0-7 2.52 24.73 27.25 OK
r-release-linux-x86_64 1.0-7 2.33 24.53 26.86 OK
r-release-macos-arm64 1.0-7 16.00 NOTE
r-release-macos-x86_64 1.0-7 23.00 NOTE
r-release-windows-x86_64 1.0-7 15.00 50.00 65.00 OK
r-oldrel-macos-arm64 1.0-7 17.00 NOTE
r-oldrel-macos-x86_64 1.0-7 28.00 NOTE
r-oldrel-windows-ix86+x86_64 1.0-7 6.00 47.00 53.00 OK

Check Details

Version: 1.0-7
Check: Rd cross-references
Result: NOTE
    Undeclared package ‘NLP’ in Rd xrefs
Flavor: r-devel-linux-x86_64-fedora-clang

Version: 1.0-7
Check: data for non-ASCII characters
Result: NOTE
     Note: found 10051 marked UTF-8 strings
     Note: found 10523 strings marked as "bytes"
Flavors: r-devel-linux-x86_64-fedora-clang, r-devel-linux-x86_64-fedora-gcc, r-release-macos-arm64, r-release-macos-x86_64, r-oldrel-macos-arm64, r-oldrel-macos-x86_64