CRAN Package Check Results for Package tfio

Last updated on 2022-08-08 00:54:21 CEST.

Flavor Version Tinstall Tcheck Ttotal Status Flags
r-devel-linux-x86_64-debian-clang 0.4.1 9.12 87.08 96.20 NOTE
r-devel-linux-x86_64-debian-gcc 0.4.1 8.78 66.47 75.25 NOTE
r-devel-linux-x86_64-fedora-clang 0.4.1 127.33 NOTE
r-devel-linux-x86_64-fedora-gcc 0.4.1 126.54 NOTE
r-devel-windows-x86_64 0.4.1 19.00 110.00 129.00 NOTE
r-patched-linux-x86_64 0.4.1 9.03 84.23 93.26 NOTE
r-release-linux-x86_64 0.4.1 10.91 90.86 101.77 NOTE
r-release-macos-arm64 0.4.1 34.00 NOTE
r-release-macos-x86_64 0.4.1 70.00 NOTE
r-release-windows-x86_64 0.4.1 20.00 113.00 133.00 NOTE
r-oldrel-macos-arm64 0.4.1 41.00 NOTE
r-oldrel-macos-x86_64 0.4.1 62.00 NOTE
r-oldrel-windows-ix86+x86_64 0.4.1 23.00 106.00 129.00 NOTE

Check Details

Version: 0.4.1
Check: LazyData
Result: NOTE
     'LazyData' is specified without a 'data' directory
Flavors: r-devel-linux-x86_64-debian-clang, r-devel-linux-x86_64-debian-gcc, r-devel-linux-x86_64-fedora-clang, r-devel-linux-x86_64-fedora-gcc, r-devel-windows-x86_64, r-patched-linux-x86_64, r-release-linux-x86_64, r-release-macos-arm64, r-release-macos-x86_64, r-release-windows-x86_64, r-oldrel-macos-arm64, r-oldrel-macos-x86_64, r-oldrel-windows-ix86+x86_64