CRAN Package Check Results for Package thurstonianIRT

Last updated on 2020-02-22 19:47:34 CET.

Flavor Version Tinstall Tcheck Ttotal Status Flags
r-devel-linux-x86_64-debian-clang 0.9.0 121.64 134.91 256.55 NOTE
r-devel-linux-x86_64-debian-gcc 0.9.0 111.18 100.74 211.92 NOTE
r-devel-linux-x86_64-fedora-clang 0.9.0 328.73 NOTE
r-devel-linux-x86_64-fedora-gcc 0.9.0 354.32 NOTE
r-devel-windows-ix86+x86_64 0.9.0 217.00 242.00 459.00 NOTE
r-devel-windows-ix86+x86_64-gcc8 0.9.0 322.00 239.00 561.00 NOTE
r-patched-linux-x86_64 0.9.0 NOTE
r-patched-solaris-x86 0.9.0 351.20 NOTE
r-release-linux-x86_64 0.9.0 115.55 117.89 233.44 NOTE
r-release-windows-ix86+x86_64 0.9.0 194.00 227.00 421.00 NOTE
r-release-osx-x86_64 0.9.0 NOTE
r-oldrel-windows-ix86+x86_64 0.9.0 200.00 161.00 361.00 NOTE
r-oldrel-osx-x86_64 0.9.0 ERROR

Check Details

Version: 0.9.0
Check: for GNU extensions in Makefiles
Result: NOTE
    GNU make is a SystemRequirements.
Flavors: r-devel-linux-x86_64-debian-clang, r-devel-linux-x86_64-debian-gcc, r-devel-linux-x86_64-fedora-clang, r-devel-linux-x86_64-fedora-gcc, r-devel-windows-ix86+x86_64, r-devel-windows-ix86+x86_64-gcc8, r-patched-linux-x86_64, r-patched-solaris-x86, r-release-linux-x86_64, r-release-windows-ix86+x86_64, r-release-osx-x86_64, r-oldrel-windows-ix86+x86_64

Version: 0.9.0
Check: installed package size
Result: NOTE
     installed size is 29.6Mb
     sub-directories of 1Mb or more:
     libs 29.3Mb
Flavors: r-devel-linux-x86_64-fedora-clang, r-release-osx-x86_64

Version: 0.9.0
Check: whether package can be installed
Result: ERROR
    Installation failed.
Flavor: r-oldrel-osx-x86_64