CRAN Package Check Results for Package thurstonianIRT

Last updated on 2019-10-15 02:49:14 CEST.

Flavor Version Tinstall Tcheck Ttotal Status Flags
r-devel-linux-x86_64-debian-clang 0.9.0 119.92 119.12 239.04 NOTE
r-devel-linux-x86_64-debian-gcc 0.9.0 112.89 92.89 205.78 NOTE
r-devel-linux-x86_64-fedora-clang 0.9.0 316.71 NOTE
r-devel-linux-x86_64-fedora-gcc 0.9.0 342.08 NOTE
r-devel-windows-ix86+x86_64 0.9.0 198.00 309.00 507.00 NOTE
r-patched-linux-x86_64 0.9.0 123.56 115.46 239.02 NOTE
r-patched-solaris-x86 0.9.0 341.20 NOTE
r-release-linux-x86_64 0.9.0 109.42 117.80 227.22 NOTE
r-release-windows-ix86+x86_64 0.9.0 265.00 233.00 498.00 NOTE
r-release-osx-x86_64 0.9.0 NOTE
r-oldrel-windows-ix86+x86_64 0.9.0 176.00 162.00 338.00 NOTE
r-oldrel-osx-x86_64 0.9.0 ERROR

Check Details

Version: 0.9.0
Check: for GNU extensions in Makefiles
Result: NOTE
    GNU make is a SystemRequirements.
Flavors: r-devel-linux-x86_64-debian-clang, r-devel-linux-x86_64-debian-gcc, r-devel-linux-x86_64-fedora-clang, r-devel-linux-x86_64-fedora-gcc, r-devel-windows-ix86+x86_64, r-patched-linux-x86_64, r-patched-solaris-x86, r-release-linux-x86_64, r-release-windows-ix86+x86_64, r-release-osx-x86_64, r-oldrel-windows-ix86+x86_64

Version: 0.9.0
Check: installed package size
Result: NOTE
     installed size is 29.5Mb
     sub-directories of 1Mb or more:
     libs 29.3Mb
Flavors: r-devel-linux-x86_64-fedora-clang, r-release-osx-x86_64

Version: 0.9.0
Check: whether package can be installed
Result: ERROR
    Installation failed.
Flavor: r-oldrel-osx-x86_64