CRAN Package Check Results for Package tibblify

Last updated on 2024-07-24 15:51:51 CEST.

Flavor Version Tinstall Tcheck Ttotal Status Flags
r-devel-linux-x86_64-debian-clang 0.3.1 16.40 114.44 130.84 NOTE
r-devel-linux-x86_64-debian-gcc 0.3.1 12.16 83.06 95.22 NOTE
r-devel-linux-x86_64-fedora-clang 0.3.1 172.37 NOTE
r-devel-linux-x86_64-fedora-gcc 0.3.1 166.54 NOTE
r-devel-windows-x86_64 0.3.1 28.00 107.00 135.00 NOTE
r-patched-linux-x86_64 0.3.1 19.28 104.68 123.96 OK
r-release-linux-x86_64 0.3.1 14.29 107.68 121.97 OK
r-release-macos-arm64 0.3.1 48.00 OK
r-release-macos-x86_64 0.3.1 78.00 OK
r-release-windows-x86_64 0.3.1 24.00 105.00 129.00 OK
r-oldrel-macos-arm64 0.3.1 56.00 OK
r-oldrel-macos-x86_64 0.3.1 97.00 OK
r-oldrel-windows-x86_64 0.3.1 29.00 126.00 155.00 OK

Check Details

Version: 0.3.1
Check: compiled code
Result: NOTE File ‘tibblify/libs/tibblify.so’: Found non-API calls to R: ‘FRAME’, ‘HASHTAB’, ‘PRENV’, ‘PRVALUE’, ‘R_PromiseExpr’, ‘Rf_findVarInFrame3’, ‘SETLENGTH’, ‘SET_BODY’, ‘SET_CLOENV’, ‘SET_FORMALS’, ‘SET_GROWABLE_BIT’, ‘SET_TRUELENGTH’, ‘STRING_PTR’ Compiled code should not call non-API entry points in R. See ‘Writing portable packages’ in the ‘Writing R Extensions’ manual, and section ‘Moving into C API compliance’ for issues with the use of non-API entry points. Flavors: r-devel-linux-x86_64-debian-clang, r-devel-linux-x86_64-debian-gcc, r-devel-linux-x86_64-fedora-clang, r-devel-linux-x86_64-fedora-gcc

Version: 0.3.1
Check: Rd cross-references
Result: NOTE Found the following Rd file(s) with Rd \link{} targets missing package anchors: guess_tspec.Rd: abort Please provide package anchors for all Rd \link{} targets not in the package itself and the base packages. Flavors: r-devel-linux-x86_64-debian-gcc, r-devel-windows-x86_64

Version: 0.3.1
Check: dependencies in R code
Result: NOTE Namespace in Imports field not imported from: ‘lifecycle’ All declared Imports should be used. Flavors: r-devel-linux-x86_64-fedora-clang, r-devel-linux-x86_64-fedora-gcc

Version: 0.3.1
Check: compiled code
Result: NOTE File 'tibblify/libs/x64/tibblify.dll': Found non-API calls to R: 'FRAME', 'HASHTAB', 'PRENV', 'PRVALUE', 'R_PromiseExpr', 'Rf_findVarInFrame3', 'SETLENGTH', 'SET_BODY', 'SET_CLOENV', 'SET_FORMALS', 'SET_GROWABLE_BIT', 'SET_TRUELENGTH', 'STRING_PTR' Compiled code should not call non-API entry points in R. See 'Writing portable packages' in the 'Writing R Extensions' manual, and section 'Moving into C API compliance' for issues with the use of non-API entry points. Flavor: r-devel-windows-x86_64